{"id":4977,"date":"2022-12-27T13:32:16","date_gmt":"2022-12-27T10:32:16","guid":{"rendered":"https:\/\/dentplus.com.tr\/V2\/?page_id=4977"},"modified":"2022-12-27T13:34:25","modified_gmt":"2022-12-27T10:34:25","slug":"exp-dr-emir-yilmaz-2","status":"publish","type":"page","link":"https:\/\/dentplus.com.tr\/V2\/fr\/exp-dr-emir-yilmaz-2\/","title":{"rendered":"EXP. Dt. \u00c9mir Yilmaz"},"content":{"rendered":"<p><section id=\"bt_section69ec29c9647c7\"  class=\"boldSection topSemiSpaced btDarkSkin gutter inherit wBackground cover btAccentColorBackground\" style=\"background-image:url('https:\/\/dentplus.com.tr\/V2\/wp-content\/uploads\/bllurred-background.jpg');padding-top: 150px !important;\"><div class=\"port\"><div class=\"boldCell\"><div class=\"boldCellInner\"><div class=\"boldRow  \" ><div class=\"boldRowInner\"><div class=\"rowItem col-md-4 col-ms-12 btTextLeft animate animate-fadein animate-moveright btBottomVertical btNoPadding\"  ><div class=\"rowItemContent\" ><div class=\"bpgPhoto btTextCenter\" ><div class=\"btImage\"><img decoding=\"async\" src=\"https:\/\/dentplus.com.tr\/V2\/wp-content\/uploads\/EM\u0130RPMG.png\" alt=\"\" title=\"\"><\/div><\/div><\/div><\/div><div class=\"rowItem col-md-8 col-ms-12 btTextLeft animate animate-fadein animate-moveleft inherit btDoublePadding\" style=\"padding-top:50px !important;\" ><div class=\"rowItemContent\" ><div class=\"btClear btSeparator topExtraSpaced bottomSmallSpaced noBorder\" ><hr><\/div><header class=\"header btClear extralarge btDash topDash  btNormalDash\" ><div class=\"btSuperTitle\">Endodontiste<\/div><div class=\"dash\"><h1><span class=\"headline\">EXP. Dt. \u00c9mir Yilmaz<\/span><\/h1><\/div><\/header><div class=\"btClear btSeparator topExtraSmallSpaced noBorder\" ><hr><\/div><\/div><\/div><\/div><\/div><\/div><\/div><\/div><\/section><section id=\"bt_section69ec29c964d28\"  class=\"boldSection gutter inherit\" style=\"margin-top: -6px;\"><div class=\"port\"><div class=\"boldCell\"><div class=\"boldCellInner\"><div class=\"boldRow  \" ><div class=\"boldRowInner\"><div class=\"rowItem col-md-3 col-sm-6 col-ms-12 btTextLeft inherit\" style=\"background-color: rgba(0, 179, 204, 1);\" ><div class=\"rowItemContent\" ><div class=\"btClear btSeparator topExtraSmallSpaced noBorder\" ><hr><\/div><\/div><\/div><div class=\"rowItem col-md-3 col-sm-6 col-ms-12 btTextLeft inherit\" style=\"background-color: rgba(0, 161, 190, 1);\" ><div class=\"rowItemContent\" ><div class=\"btClear btSeparator topExtraSmallSpaced noBorder\" ><hr><\/div><\/div><\/div><div class=\"rowItem col-md-3 col-sm-6 col-ms-12 btTextLeft inherit\" style=\"background-color: rgba(0, 135, 170, 1);\" ><div class=\"rowItemContent\" ><div class=\"btClear btSeparator topExtraSmallSpaced noBorder\" ><hr><\/div><\/div><\/div><div class=\"rowItem col-md-3 col-sm-6 col-ms-12 btTextLeft inherit\" style=\"background-color: rgba(0, 109, 149, 1);\" ><div class=\"rowItemContent\" ><div class=\"btClear btSeparator topExtraSmallSpaced noBorder\" ><hr><\/div><\/div><\/div><\/div><\/div><\/div><\/div><\/div><\/section><section id=\"bt_section69ec29c964fd2\"  class=\"boldSection topSemiSpaced bottomSpaced gutter inherit\" style=\"background-color:#f1f1f1;\"><div class=\"port\"><div class=\"boldCell\"><div class=\"boldCellInner\"><div class=\"boldRow  \" ><div class=\"boldRowInner\"><div class=\"rowItem col-md-12 col-ms-12  btTextLeft animate animate-fadein inherit btDoublePadding\"  ><div class=\"rowItemContent\" ><div class=\"boldRow boldInnerRow  \" ><div class=\"rowItem rowInnerItem col-md-12  btTextLeft\"  ><div class=\"rowItemContent\"><div class=\"btText\" ><\/p>\n<div class=\"sixteen columns\">\n<p style=\"text-align: justify;\">1985 y\u0131l\u0131nda K\u0131r\u0131kkale\u2019de d\u00fcnyaya geldim. 2003 y\u0131l\u0131nda K\u0131r\u0131kkale Anadolu Lisesi\u2019nden&nbsp; mezun olduktan sonra 2006 y\u0131l\u0131nda Ege \u00dcniversitesi Di\u015f Hekimli\u011fi Fak\u00fcltesi\u2019nde e\u011fitimime ba\u015flad\u0131m. 2011-2012 y\u0131llar\u0131 aras\u0131nda \u00f6zel sekt\u00f6rde pratisyen hekim olarak hizmet ettikten sonra. 2013\u2019te S\u00fcleyman Demi<\/p>\n<p>Je suis n\u00e9 \u00e0 K\u0131r\u0131kkale en 1985. apr\u00e8s avoir obtenu mon dipl\u00f4me du Lyc\u00e9e anatolien de K\u0131r\u0131kkale en 2003, j&#8217;ai commenc\u00e9 mes \u00e9tudes \u00e0 la Facult\u00e9 de m\u00e9decine dentaire de l&#8217;Universit\u00e9 Ege en 2006. apr\u00e8s avoir \u00e9t\u00e9 m\u00e9decin g\u00e9n\u00e9raliste dans le secteur priv\u00e9 entre d\u00e9c. 2011 et 2012. J&#8217;ai commenc\u00e9 ma formation sp\u00e9cialis\u00e9e au D\u00e9partement d&#8217;Endodontie de la Facult\u00e9 de M\u00e9decine dentaire de l&#8217;Universit\u00e9 S\u00fcleyman Demirel en 2013 et je l&#8217;ai termin\u00e9e en 2017. Je travaille toujours dans le domaine de l&#8217;endodontie \u00e0 la clinique des Services de sant\u00e9 D-Plus.<\/p>\n<p><strong>Pr\u00e9sence<\/strong><\/p>\n<ul>\n<li>Soci\u00e9t\u00e9 Turque d&#8217;Endodontie 6. Symposium International sur l&#8217;Endodontie, Erzurum, 2015<\/li>\n<li>17e Congr\u00e8s Biennal de l&#8217;ESE, Barcelone, 2015<\/li>\n<li>18e Congr\u00e8s Biennal de l&#8217;ESE, Bruxelles, 2017<\/li>\n<li>TDB 28. Symposium Uludag, Bursa, 2019<\/li>\n<li>20e Congr\u00e8s Scientifique de l&#8217;APEC et 14e Congr\u00e8s International de la Soci\u00e9t\u00e9 Turque d&#8217;Endodontie, Istanbul, 2019<\/li>\n<li>R\u00e9union de printemps de la Soci\u00e9t\u00e9 Estonienne d&#8217;Endodontie, Tallinn, 2019<\/li>\n<li>25. Congr\u00e8s International de Dentisterie, Istanbul, 2019<\/li>\n<\/ul>\n<p>Je suis n\u00e9 \u00e0 Bursa en 1963, dipl\u00f4m\u00e9 du Lyc\u00e9e Anatolien de Bursa en 1981, Facult\u00e9 de M\u00e9decine Dentaire de l&#8217;Universit\u00e9 d&#8217;Istanbul en 1986, je suis mari\u00e9, j&#8217;ai une fille.<\/p>\n<p>&nbsp;<\/p>\n<div class=\"eight columns alpha\"><iframe loading=\"lazy\" src=\"https:\/\/www.youtube.com\/embed\/mFPapvLUBXY?rel=0\" width=\"390\" height=\"220\" frameborder=\"0\" allowfullscreen=\"allowfullscreen\" data-mce-fragment=\"1\"><\/iframe><\/div>\n<div class=\"eight columns alpha\"><iframe loading=\"lazy\" src=\"https:\/\/www.youtube.com\/embed\/4StvOPcHFCI?rel=0\" width=\"390\" height=\"220\" frameborder=\"0\" allowfullscreen=\"allowfullscreen\" data-mce-fragment=\"1\"><\/iframe><\/div>\n<p>&nbsp;<br \/>\n&nbsp;<\/p>\n<div class=\"eight columns alpha\"><iframe loading=\"lazy\" src=\"https:\/\/www.youtube.com\/embed\/TdbTJF1_xZs?rel=0\" width=\"390\" height=\"220\" frameborder=\"0\" allowfullscreen=\"allowfullscreen\" data-mce-fragment=\"1\"><\/iframe><\/div>\n<div class=\"eight columns alpha\"><iframe loading=\"lazy\" src=\"https:\/\/www.youtube.com\/embed\/XSbQ5A3lFeg?rel=0\" width=\"390\" height=\"220\" frameborder=\"0\" allowfullscreen=\"allowfullscreen\" data-mce-fragment=\"1\"><\/iframe><\/div>\n<p>&nbsp;<br \/>\n&nbsp;<\/p>\n<p>&nbsp;<\/p>\n<div class=\"sixteen columns alpha omega\"><iframe loading=\"lazy\" src=\"https:\/\/www.youtube.com\/embed\/1jabI1zewD8?rel=0\" width=\"390\" height=\"220\" frameborder=\"0\" allowfullscreen=\"allowfullscreen\" data-mce-fragment=\"1\"><\/iframe><\/div>\n<p>&nbsp;<\/p>\n<\/div>\n<p>\n<\/div><\/div><\/div><\/div><div class=\"btClear btSeparator topSmallSpaced bottomSmallSpaced border\" ><hr><\/div><\/div><\/div><\/div><\/div><\/div><\/div><\/div><\/section><\/p>\n","protected":false},"excerpt":{"rendered":"","protected":false},"author":1,"featured_media":0,"parent":0,"menu_order":0,"comment_status":"closed","ping_status":"closed","template":"","meta":{"ngg_post_thumbnail":0,"footnotes":""},"class_list":["post-4977","page","type-page","status-publish","hentry"],"_links":{"self":[{"href":"https:\/\/dentplus.com.tr\/V2\/wp-json\/wp\/v2\/pages\/4977","targetHints":{"allow":["GET"]}}],"collection":[{"href":"https:\/\/dentplus.com.tr\/V2\/wp-json\/wp\/v2\/pages"}],"about":[{"href":"https:\/\/dentplus.com.tr\/V2\/wp-json\/wp\/v2\/types\/page"}],"author":[{"embeddable":true,"href":"https:\/\/dentplus.com.tr\/V2\/wp-json\/wp\/v2\/users\/1"}],"replies":[{"embeddable":true,"href":"https:\/\/dentplus.com.tr\/V2\/wp-json\/wp\/v2\/comments?post=4977"}],"version-history":[{"count":4,"href":"https:\/\/dentplus.com.tr\/V2\/wp-json\/wp\/v2\/pages\/4977\/revisions"}],"predecessor-version":[{"id":4981,"href":"https:\/\/dentplus.com.tr\/V2\/wp-json\/wp\/v2\/pages\/4977\/revisions\/4981"}],"wp:attachment":[{"href":"https:\/\/dentplus.com.tr\/V2\/wp-json\/wp\/v2\/media?parent=4977"}],"curies":[{"name":"wp","href":"https:\/\/api.w.org\/{rel}","templated":true}]}}