{"id":4853,"date":"2022-12-26T11:48:26","date_gmt":"2022-12-26T08:48:26","guid":{"rendered":"https:\/\/dentplus.com.tr\/V2\/?page_id=4853"},"modified":"2023-01-05T11:56:56","modified_gmt":"2023-01-05T08:56:56","slug":"haeufig-gestellte-fragen","status":"publish","type":"page","link":"https:\/\/dentplus.com.tr\/V2\/de\/haeufig-gestellte-fragen\/","title":{"rendered":"H\u00e4ufig gestellte Fragen"},"content":{"rendered":"<p><section id=\"bt_section69ec024c390c5\"  class=\"boldSection topSemiSpaced btDarkSkin gutter inherit wBackground cover btAccentColorBackground\" style=\"background-image:url('https:\/\/dentplus.com.tr\/V2\/wp-content\/uploads\/bllurred-background.jpg');\"><div class=\"port\"><div class=\"boldCell\"><div class=\"boldCellInner\"><div class=\"boldRow  \" ><div class=\"boldRowInner\"><div class=\"rowItem col-md-12 col-ms-12  btTextLeft animate animate-fadein animate-moveleft inherit btDoublePadding\"  ><div class=\"rowItemContent\" ><div class=\"btClear btSeparator topExtraSpaced bottomSmallSpaced noBorder\" ><hr><\/div><header class=\"header btClear extralarge btDash topDash  btNormalDash\" ><div class=\"btSuperTitle\">DENTPLUS<\/div><div class=\"dash\"><h1><span class=\"headline\">H\u00c4UFIG GESTELLTE FRAGEN<\/span><\/h1><\/div><\/header><div class=\"btClear btSeparator topExtraSmallSpaced noBorder\" ><hr><\/div><\/div><\/div><\/div><\/div><\/div><\/div><\/div><\/section><section id=\"bt_section69ec024c3933b\"  class=\"boldSection gutter inherit\" style=\"margin-top: -6px;\"><div class=\"port\"><div class=\"boldCell\"><div class=\"boldCellInner\"><div class=\"boldRow  \" ><div class=\"boldRowInner\"><div class=\"rowItem col-md-3 col-sm-6 col-ms-12 btTextLeft inherit\" style=\"background-color: rgba(0, 179, 204, 1);\" ><div class=\"rowItemContent\" ><div class=\"btClear btSeparator topExtraSmallSpaced noBorder\" ><hr><\/div><\/div><\/div><div class=\"rowItem col-md-3 col-sm-6 col-ms-12 btTextLeft inherit\" style=\"background-color: rgba(0, 161, 190, 1);\" ><div class=\"rowItemContent\" ><div class=\"btClear btSeparator topExtraSmallSpaced noBorder\" ><hr><\/div><\/div><\/div><div class=\"rowItem col-md-3 col-sm-6 col-ms-12 btTextLeft inherit\" style=\"background-color: rgba(0, 135, 170, 1);\" ><div class=\"rowItemContent\" ><div class=\"btClear btSeparator topExtraSmallSpaced noBorder\" ><hr><\/div><\/div><\/div><div class=\"rowItem col-md-3 col-sm-6 col-ms-12 btTextLeft inherit\" style=\"background-color: rgba(0, 109, 149, 1);\" ><div class=\"rowItemContent\" ><div class=\"btClear btSeparator topExtraSmallSpaced noBorder\" ><hr><\/div><\/div><\/div><\/div><\/div><\/div><\/div><\/div><\/section><section id=\"bt_section69ec024c395d3\"  class=\"boldSection topSemiSpaced bottomSpaced gutter inherit\" style=\"background-color:#f1f1f1;\"><div class=\"port\"><div class=\"boldCell\"><div class=\"boldCellInner\"><div class=\"boldRow  \" ><div class=\"boldRowInner\"><div class=\"rowItem col-md-12 col-ms-12  btTextLeft\"  ><div class=\"rowItemContent\" ><div class=\"btTabs tabsVertical \" \" data-open-first=\"\"><ul class=\"tabsHeader\"><li><span><\/span><\/li><li><span>Was sind die Ursachen der Krankheit?<\/span><\/li><li><span>Woher wei\u00df ich, ob eine Zahnfleischerkrankung auftritt?<\/span><\/li><li><span>Wie wird eine Zahnfleischerkrankung behandelt?<\/span><\/li><li><span>Was ist Diabetes mellitus?<\/span><\/li><li><span>Was sind die Anzeichen f\u00fcr eine Zahnfleischerkrankung?<\/span><\/li><li><span>Was ist ein Implantat und was nicht?<\/span><\/li><li><span>Bei wem wird das Implantat eingesetzt?<\/span><\/li><\/ul><div class=\"tabPanes accordionPanes\"><div class=\"tabPane\">\r\n\t\t\t<div class=\"tabAccordionTitle\"><span><\/span><\/div>\r\n\t\t\t<div class=\"tabAccordionContent\"><\/p>\n<p class=\"Gvde\"><span style=\"font-size: 12.0pt; font-family: 'Arial',sans-serif;\">Es ist eine chronische Infektionskrankheit namens Biofilm, in der viele verschiedene und vielf\u00e4ltige Bakterien vorhanden sind.<\/span><\/p>\n<p>\n<\/div>\r\n\t\t<\/div><div class=\"tabPane\">\r\n\t\t\t<div class=\"tabAccordionTitle\"><span>Was sind die Ursachen der Krankheit?<\/span><\/div>\r\n\t\t\t<div class=\"tabAccordionContent\"><\/p>\n<p>Es ist die mikrobielle Zahnplaque, die durch die Ansammlung von Lebensmitteln, die wir essen, auf und zwischen den Oberfl\u00e4chen der Z\u00e4hne gebildet wird, als Folge einer unzureichenden Reinigung.<\/p>\n<p>\n<\/div>\r\n\t\t<\/div><div class=\"tabPane\">\r\n\t\t\t<div class=\"tabAccordionTitle\"><span>Woher wei\u00df ich, ob eine Zahnfleischerkrankung auftritt?<\/span><\/div>\r\n\t\t\t<div class=\"tabAccordionContent\"><\/p>\n<p>Aber es tritt normalerweise bei Erwachsenen auf. Zahnfleischerkrankungen k\u00f6nnen verhindert werden, wenn sie fr\u00fch erkannt werden, daher ist es in Ihrem besten Interesse, Ihren Zahnarzt aufzusuchen, wenn Sie eines der folgenden Symptome bemerken:<br \/>\nBlutungen aus dem Mund beim Z\u00e4hneputzen oder aus dem Nichts<br \/>\nDie Zahnfleischfarbe \u00e4ndert sich von rosa zu rot oder sogar violett<br \/>\nSchwellung des Zahnfleisches<br \/>\nSchlechter Atem<br \/>\nGef\u00fchl, dass Essen zwischen den Z\u00e4hnen stecken bleibt<br \/>\nEine Zunahme der Anh\u00e4ufung von Zahnstein<br \/>\njuckendes Zahnfleisch<br \/>\nRezession im Zahnfleisch<br \/>\nAbstand, Verschiebung, Zittern der Z\u00e4hne\u2026<br \/>\nSt\u00e4ndiger schlechter Geschmack im Mund<\/p>\n<p>\n<\/div>\r\n\t\t<\/div><div class=\"tabPane\">\r\n\t\t\t<div class=\"tabAccordionTitle\"><span>Wie wird eine Zahnfleischerkrankung behandelt?<\/span><\/div>\r\n\t\t\t<div class=\"tabAccordionContent\"><\/p>\n<p>Die fr\u00fchen Stadien von Zahnfleischerkrankungen k\u00f6nnen durch Z\u00e4hneputzen und Zahnseide verhindert werden. Eine gute Mundpflege beugt der Bildung von Plaque vor.<\/p>\n<p>\n<\/div>\r\n\t\t<\/div><div class=\"tabPane\">\r\n\t\t\t<div class=\"tabAccordionTitle\"><span>Was ist Diabetes mellitus?<\/span><\/div>\r\n\t\t\t<div class=\"tabAccordionContent\"><\/p>\n<p>Diabetes mellitus ist eine Krankheit, die durch einen chronischen Anstieg des Blutzuckers und eine St\u00f6rung der Insulinsekretion gekennzeichnet ist.<\/p>\n<p>\n<\/div>\r\n\t\t<\/div><div class=\"tabPane\">\r\n\t\t\t<div class=\"tabAccordionTitle\"><span>Was sind die Anzeichen f\u00fcr eine Zahnfleischerkrankung?<\/span><\/div>\r\n\t\t\t<div class=\"tabAccordionContent\"><\/p>\n<p>Rotes, geschwollenes, blutendes Zahnfleisch, Zahnverlust, Zahnwackeln, Dehnung, Trennung, unerkl\u00e4rliche Empfindlichkeit der Z\u00e4hne, Abszessbildung, Mundgeruch, gro\u00dfe Mengen an Plaque und Zahnsteinansammlung um die Z\u00e4hne herum sind Indikatoren f\u00fcr diese Krankheit.<\/p>\n<p>\n<\/div>\r\n\t\t<\/div><div class=\"tabPane\">\r\n\t\t\t<div class=\"tabAccordionTitle\"><span>Was ist ein Implantat und was nicht?<\/span><\/div>\r\n\t\t\t<div class=\"tabAccordionContent\"><\/p>\n<p>Ein Implantat ist eine Titanschraube, die in den Kieferknochen eingesetzt wird, um die Funktion und \u00c4sthetik fehlender Z\u00e4hne und Z\u00e4hne wiederherzustellen.<\/p>\n<p>\n<\/div>\r\n\t\t<\/div><div class=\"tabPane\">\r\n\t\t\t<div class=\"tabAccordionTitle\"><span>Bei wem wird das Implantat eingesetzt?<\/span><\/div>\r\n\t\t\t<div class=\"tabAccordionContent\"><\/p>\n<p>Der Knochen im Kiefer muss ausreichend sein, um eine gute allgemeine Gesundheit, gesundes Zahnfleisch und Implantate zu unterst\u00fctzen.<\/p>\n<p>\n<\/div>\r\n\t\t<\/div><\/div><\/div><\/div><\/div><\/div><\/div><div class=\"boldRow  \" ><div class=\"boldRowInner\"><\/div><\/div><\/div><\/div><\/div><\/section><section id=\"bt_section69ec024c39ce8\"  class=\"boldSection gutter inherit\" style=\"margin-top: -6px;\"><div class=\"port\"><div class=\"boldCell\"><div class=\"boldCellInner\"><div class=\"boldRow  \" ><div class=\"boldRowInner\"><div class=\"rowItem col-md-8 col-ms-12 btTextLeft inherit\" style=\"background-color: rgba(0, 179, 204, 1);\" ><div class=\"rowItemContent\" ><div class=\"btClear btSeparator topExtraSmallSpaced noBorder\" ><hr><\/div><\/div><\/div><div class=\"rowItem col-md-4 col-ms-12 btTextLeft inherit\" style=\"background-color: rgba(0, 161, 190, 1);\" ><div class=\"rowItemContent\" ><div class=\"btClear btSeparator topExtraSmallSpaced noBorder\" ><hr><\/div><\/div><\/div><\/div><\/div><\/div><\/div><\/div><\/section><\/p>\n","protected":false},"excerpt":{"rendered":"","protected":false},"author":1,"featured_media":0,"parent":0,"menu_order":0,"comment_status":"closed","ping_status":"closed","template":"","meta":{"ngg_post_thumbnail":0,"footnotes":""},"class_list":["post-4853","page","type-page","status-publish","hentry"],"_links":{"self":[{"href":"https:\/\/dentplus.com.tr\/V2\/wp-json\/wp\/v2\/pages\/4853","targetHints":{"allow":["GET"]}}],"collection":[{"href":"https:\/\/dentplus.com.tr\/V2\/wp-json\/wp\/v2\/pages"}],"about":[{"href":"https:\/\/dentplus.com.tr\/V2\/wp-json\/wp\/v2\/types\/page"}],"author":[{"embeddable":true,"href":"https:\/\/dentplus.com.tr\/V2\/wp-json\/wp\/v2\/users\/1"}],"replies":[{"embeddable":true,"href":"https:\/\/dentplus.com.tr\/V2\/wp-json\/wp\/v2\/comments?post=4853"}],"version-history":[{"count":4,"href":"https:\/\/dentplus.com.tr\/V2\/wp-json\/wp\/v2\/pages\/4853\/revisions"}],"predecessor-version":[{"id":5055,"href":"https:\/\/dentplus.com.tr\/V2\/wp-json\/wp\/v2\/pages\/4853\/revisions\/5055"}],"wp:attachment":[{"href":"https:\/\/dentplus.com.tr\/V2\/wp-json\/wp\/v2\/media?parent=4853"}],"curies":[{"name":"wp","href":"https:\/\/api.w.org\/{rel}","templated":true}]}}