{"id":4836,"date":"2022-12-26T11:44:13","date_gmt":"2022-12-26T08:44:13","guid":{"rendered":"https:\/\/dentplus.com.tr\/V2\/?page_id=4836"},"modified":"2023-01-05T16:21:36","modified_gmt":"2023-01-05T13:21:36","slug":"cas","status":"publish","type":"page","link":"https:\/\/dentplus.com.tr\/V2\/fr\/cas\/","title":{"rendered":"Cas"},"content":{"rendered":"<p><section id=\"bt_section69ec1495a2aa7\"  class=\"boldSection topSemiSpaced btDarkSkin gutter inherit wBackground cover btAccentColorBackground\" style=\"background-image:url('https:\/\/dentplus.com.tr\/V2\/wp-content\/uploads\/bllurred-background.jpg');\"><div class=\"port\"><div class=\"boldCell\"><div class=\"boldCellInner\"><div class=\"boldRow  \" ><div class=\"boldRowInner\"><div class=\"rowItem col-md-9 col-ms-12  btTextLeft animate animate-fadein animate-moveleft inherit\"  ><div class=\"rowItemContent\" ><div class=\"btClear btSeparator topExtraSpaced bottomSmallSpaced noBorder\" ><hr><\/div><header class=\"header btClear extralarge btDash topDash  btNormalDash\" ><div class=\"btSuperTitle\">DES EXEMPLES QUE NOUS AVONS FAITS POUR VOUS<\/div><div class=\"dash\"><h1><span class=\"headline\">CAS<\/span><\/h1><\/div><\/header><div class=\"btClear btSeparator topSpaced noBorder\" ><hr><\/div><\/div><\/div><div class=\"rowItem col-md-3 col-sm-6 col-ms-12 btTextLeft\"  ><div class=\"rowItemContent\" ><\/div><\/div><\/div><\/div><\/div><\/div><\/div><\/section><section id=\"bt_section69ec1495a2da9\"  class=\"boldSection gutter inherit\" style=\"margin-top: -6px;\"><div class=\"port\"><div class=\"boldCell\"><div class=\"boldCellInner\"><div class=\"boldRow  \" ><div class=\"boldRowInner\"><div class=\"rowItem col-md-12 col-ms-12  btTextLeft inherit\"  ><div class=\"rowItemContent\" ><div class=\"btClear btSeparator topSpaced bottomSemiSpaced noBorder\" ><hr><\/div><\/div><\/div><\/div><\/div><\/div><\/div><\/div><\/section><section id=\"bt_section69ec1495a2f7d\"  class=\"boldSection gutter inherit\" style=\"margin-top: -6px;\"><div class=\"port\"><div class=\"boldCell\"><div class=\"boldCellInner\"><div class=\"boldRow  \" ><div class=\"boldRowInner\"><div class=\"rowItem col-md-4 col-ms-12 btTextLeft\"  ><div class=\"rowItemContent\" ><div class=\"btClear btSeparator topExtraSmallSpaced noBorder\" ><hr><\/div><div class=\"btIconImageRow\" ><div class=\"bpgPhoto btTextCenter\" ><div class=\"btImage\"><img decoding=\"async\" src=\"https:\/\/dentplus.com.tr\/V2\/wp-content\/uploads\/1.png\" alt=\"Periodontal problem \u015fikayeti ile klini\u011fimize ba\u015fvuran hastam\u0131za Emdogain+Bio-oss materyalleri ile t\u00fcm a\u011f\u0131z flap operasyonu\" title=\"Periodontal problem \u015fikayeti ile klini\u011fimize ba\u015fvuran hastam\u0131za Emdogain+Bio-oss materyalleri ile t\u00fcm a\u011f\u0131z flap operasyonu\"><\/div><\/div><\/div><div class=\"btClear btSeparator topExtraSmallSpaced noBorder\" ><hr><\/div><header class=\"header btClear small  btAlternateDash\" style=\"text-align:center !important; background-color:#00b3cc; position:relative; top:-50px; width: 100%; padding: 30px; color:#fff !important;\"><div class=\"dash\"><h4><span class=\"headline\">Application E-Max, pas de photoshop!<\/span><\/h4><\/div><\/header><\/div><\/div><div class=\"rowItem col-md-4 col-ms-12 btTextLeft\"  ><div class=\"rowItemContent\" ><div class=\"btClear btSeparator topExtraSmallSpaced noBorder\" ><hr><\/div><div class=\"btIconImageRow\" ><div class=\"bpgPhoto btTextCenter\" ><div class=\"btImage\"><img decoding=\"async\" src=\"https:\/\/dentplus.com.tr\/V2\/wp-content\/uploads\/2-1.jpg\" alt=\"Hastam\u0131z istemi\u015f oldu\u011fu estetik g\u00f6r\u00fcn\u00fcme ula\u015ft\u0131.&lt;br \/&gt;\n\" title=\"Hastam\u0131z istemi\u015f oldu\u011fu estetik g\u00f6r\u00fcn\u00fcme ula\u015ft\u0131.&lt;br \/&gt;\n\"><\/div><\/div><\/div><div class=\"btClear btSeparator topExtraSmallSpaced noBorder\" ><hr><\/div><header class=\"header btClear small  btAlternateDash\" style=\"text-align:center !important; background-color:#00b3cc; position:relative; top:-50px; width: 100%; padding: 30px; color:#fff !important;\"><div class=\"dash\"><h4><span class=\"headline\">Notre patient a obtenu l&#8217;aspect esth\u00e9tique qu&#8217;il souhaitait.<\/span><\/h4><\/div><\/header><\/div><\/div><div class=\"rowItem col-md-4 col-ms-12 btTextLeft\"  ><div class=\"rowItemContent\" ><div class=\"btClear btSeparator topExtraSmallSpaced noBorder\" ><hr><\/div><div class=\"btIconImageRow\" ><div class=\"bpgPhoto btTextCenter\" ><div class=\"btImage\"><img decoding=\"async\" src=\"https:\/\/dentplus.com.tr\/V2\/wp-content\/uploads\/3-1.png\" alt=\"Ortodontik tedavi istemeyen hastan\u0131n protetik tedavisi\" title=\"Ortodontik tedavi istemeyen hastan\u0131n protetik tedavisi\"><\/div><\/div><\/div><div class=\"btClear btSeparator topExtraSmallSpaced noBorder\" ><hr><\/div><header class=\"header btClear small  btAlternateDash\" style=\"text-align:center !important; background-color:#00b3cc; position:relative; top:-50px; width: 100%; padding: 30px; color:#fff !important;\"><div class=\"dash\"><h4><span class=\"headline\">Notre patient a obtenu l&#8217;aspect esth\u00e9tique qu&#8217;il souhaitait.<\/span><\/h4><\/div><\/header><\/div><\/div><\/div><\/div><div class=\"boldRow  \" ><div class=\"boldRowInner\"><div class=\"rowItem col-md-4 col-ms-12 btTextLeft\"  ><div class=\"rowItemContent\" ><div class=\"btClear btSeparator topExtraSmallSpaced noBorder\" ><hr><\/div><div class=\"btIconImageRow\" ><div class=\"bpgPhoto btTextCenter\" ><div class=\"btImage\"><img decoding=\"async\" src=\"https:\/\/dentplus.com.tr\/V2\/wp-content\/uploads\/4.png\" alt=\"Periodontal problem \u015fikayeti ile klini\u011fimize ba\u015fvuran hastam\u0131za Emdogain+Bio-oss materyalleri ile t\u00fcm a\u011f\u0131z flap operasyonu\" title=\"Periodontal problem \u015fikayeti ile klini\u011fimize ba\u015fvuran hastam\u0131za Emdogain+Bio-oss materyalleri ile t\u00fcm a\u011f\u0131z flap operasyonu\"><\/div><\/div><\/div><div class=\"btClear btSeparator topExtraSmallSpaced noBorder\" ><hr><\/div><header class=\"header btClear small  btAlternateDash\" style=\"text-align:center !important; background-color:#00b3cc; position:relative; top:-50px; width: 100%; padding: 30px; color:#fff !important;\"><div class=\"dash\"><h4><span class=\"headline\">Pas de photoshop! Application intra-orale des proth\u00e8ses E-Max<\/span><\/h4><\/div><\/header><\/div><\/div><div class=\"rowItem col-md-4 col-ms-12 btTextLeft\"  ><div class=\"rowItemContent\" ><div class=\"btClear btSeparator topExtraSmallSpaced noBorder\" ><hr><\/div><div class=\"btIconImageRow\" ><div class=\"bpgPhoto btTextCenter\" ><div class=\"btImage\"><img decoding=\"async\" src=\"https:\/\/dentplus.com.tr\/V2\/wp-content\/uploads\/5-1.png\" alt=\"Hastam\u0131z istemi\u015f oldu\u011fu estetik g\u00f6r\u00fcn\u00fcme ula\u015ft\u0131.&lt;br \/&gt;\n\" title=\"Hastam\u0131z istemi\u015f oldu\u011fu estetik g\u00f6r\u00fcn\u00fcme ula\u015ft\u0131.&lt;br \/&gt;\n\"><\/div><\/div><\/div><div class=\"btClear btSeparator topExtraSmallSpaced noBorder\" ><hr><\/div><header class=\"header btClear small  btAlternateDash\" style=\"text-align:center !important; background-color:#00b3cc; position:relative; top:-50px; width: 100%; padding: 30px; color:#fff !important;\"><div class=\"dash\"><h4><span class=\"headline\">La dent ant\u00e9rieure perdue \u00e0 cause d&#8217;un traumatisme a \u00e9t\u00e9 r\u00e9par\u00e9e avec un implant.<\/span><\/h4><\/div><\/header><\/div><\/div><div class=\"rowItem col-md-4 col-ms-12 btTextLeft\"  ><div class=\"rowItemContent\" ><div class=\"btClear btSeparator topExtraSmallSpaced noBorder\" ><hr><\/div><div class=\"btIconImageRow\" ><div class=\"bpgPhoto btTextCenter\" ><div class=\"btImage\"><img decoding=\"async\" src=\"https:\/\/dentplus.com.tr\/V2\/wp-content\/uploads\/6-1.jpg\" alt=\"Ortodontik tedavi istemeyen hastan\u0131n protetik tedavisi\" title=\"Ortodontik tedavi istemeyen hastan\u0131n protetik tedavisi\"><\/div><\/div><\/div><div class=\"btClear btSeparator topExtraSmallSpaced noBorder\" ><hr><\/div><header class=\"header btClear small  btAlternateDash\" style=\"text-align:center !important; background-color:#00b3cc; position:relative; top:-50px; width: 100%; padding: 30px; color:#fff !important;\"><div class=\"dash\"><h4><span class=\"headline\">Suite \u00e0 l&#8217;op\u00e9ration \u00e9p\u00e9riodontale, 4 applications d&#8217;implants thommen, des traitements de canal et un traitement externe proth\u00e9tique ont \u00e9t\u00e9 effectu\u00e9s sur notre patient<\/span><\/h4><\/div><\/header><\/div><\/div><\/div><\/div><div class=\"boldRow  \" ><div class=\"boldRowInner\"><div class=\"rowItem col-md-4 col-ms-12 btTextLeft\"  ><div class=\"rowItemContent\" ><div class=\"btClear btSeparator topExtraSmallSpaced noBorder\" ><hr><\/div><div class=\"btIconImageRow\" ><div class=\"bpgPhoto btTextCenter\" ><div class=\"btImage\"><img decoding=\"async\" src=\"https:\/\/dentplus.com.tr\/V2\/wp-content\/uploads\/7-1.jpg\" alt=\"Periodontal problem \u015fikayeti ile klini\u011fimize ba\u015fvuran hastam\u0131za Emdogain+Bio-oss materyalleri ile t\u00fcm a\u011f\u0131z flap operasyonu\" title=\"Periodontal problem \u015fikayeti ile klini\u011fimize ba\u015fvuran hastam\u0131za Emdogain+Bio-oss materyalleri ile t\u00fcm a\u011f\u0131z flap operasyonu\"><\/div><\/div><\/div><div class=\"btClear btSeparator topExtraSmallSpaced noBorder\" ><hr><\/div><header class=\"header btClear small  btAlternateDash\" style=\"text-align:center !important; background-color:#00b3cc; position:relative; top:-50px; width: 100%; padding: 30px; color:#fff !important;\"><div class=\"dash\"><h4><span class=\"headline\">Correction des gencives avec une op\u00e9ration de lambeau en une seule s\u00e9ance de notre patient avec un cas de Sourire gommeux (les gencives apparaissent trop)<\/span><\/h4><\/div><\/header><\/div><\/div><div class=\"rowItem col-md-4 col-ms-12 btTextLeft\"  ><div class=\"rowItemContent\" ><div class=\"btClear btSeparator topExtraSmallSpaced noBorder\" ><hr><\/div><div class=\"btIconImageRow\" ><div class=\"bpgPhoto btTextCenter\" ><div class=\"btImage\"><img decoding=\"async\" src=\"https:\/\/dentplus.com.tr\/V2\/wp-content\/uploads\/8-1.jpg\" alt=\"Hastam\u0131z istemi\u015f oldu\u011fu estetik g\u00f6r\u00fcn\u00fcme ula\u015ft\u0131.&lt;br \/&gt;\n\" title=\"Hastam\u0131z istemi\u015f oldu\u011fu estetik g\u00f6r\u00fcn\u00fcme ula\u015ft\u0131.&lt;br \/&gt;\n\"><\/div><\/div><\/div><div class=\"btClear btSeparator topExtraSmallSpaced noBorder\" ><hr><\/div><header class=\"header btClear small  btAlternateDash\" style=\"text-align:center !important; background-color:#00b3cc; position:relative; top:-50px; width: 100%; padding: 30px; color:#fff !important;\"><div class=\"dash\"><h4><span class=\"headline\">Apr\u00e8s un traitement orthodontique, l&#8217;implant Straumann a \u00e9t\u00e9 appliqu\u00e9 sur 2 cavit\u00e9s dentaires lat\u00e9rales. apr\u00e8s 8 semaines, des couronnes sur l&#8217;implant ont \u00e9t\u00e9 fabriqu\u00e9es<\/span><\/h4><\/div><\/header><\/div><\/div><div class=\"rowItem col-md-4 col-ms-12 btTextLeft\"  ><div class=\"rowItemContent\" ><div class=\"btClear btSeparator topExtraSmallSpaced noBorder\" ><hr><\/div><div class=\"btIconImageRow\" ><div class=\"bpgPhoto btTextCenter\" ><div class=\"btImage\"><img decoding=\"async\" src=\"https:\/\/dentplus.com.tr\/V2\/wp-content\/uploads\/9-1.jpg\" alt=\"Ortodontik tedavi istemeyen hastan\u0131n protetik tedavisi\" title=\"Ortodontik tedavi istemeyen hastan\u0131n protetik tedavisi\"><\/div><\/div><\/div><div class=\"btClear btSeparator topExtraSmallSpaced noBorder\" ><hr><\/div><header class=\"header btClear small  btAlternateDash\" style=\"text-align:center !important; background-color:#00b3cc; position:relative; top:-50px; width: 100%; padding: 30px; color:#fff !important;\"><div class=\"dash\"><h4><span class=\"headline\">Mat\u00e9riaux Emdogain + Bio-oss appliqu\u00e9s \u00e0 notre patient qui s&#8217;est pr\u00e9sent\u00e9 \u00e0 notre clinique avec une plainte de probl\u00e8me parodontal et l&#8217;op\u00e9ration du lambeau buccal entier<\/span><\/h4><\/div><\/header><\/div><\/div><\/div><\/div><div class=\"boldRow  \" ><div class=\"boldRowInner\"><div class=\"rowItem col-md-4 col-ms-12 btTextLeft\"  ><div class=\"rowItemContent\" ><div class=\"btClear btSeparator topExtraSmallSpaced noBorder\" ><hr><\/div><div class=\"btIconImageRow\" ><div class=\"bpgPhoto btTextCenter\" ><div class=\"btImage\"><img decoding=\"async\" src=\"https:\/\/dentplus.com.tr\/V2\/wp-content\/uploads\/10-1.png\" alt=\"Periodontal problem \u015fikayeti ile klini\u011fimize ba\u015fvuran hastam\u0131za Emdogain+Bio-oss materyalleri ile t\u00fcm a\u011f\u0131z flap operasyonu\" title=\"Periodontal problem \u015fikayeti ile klini\u011fimize ba\u015fvuran hastam\u0131za Emdogain+Bio-oss materyalleri ile t\u00fcm a\u011f\u0131z flap operasyonu\"><\/div><\/div><\/div><div class=\"btClear btSeparator topExtraSmallSpaced noBorder\" ><hr><\/div><header class=\"header btClear small  btAlternateDash\" style=\"text-align:center !important; background-color:#00b3cc; position:relative; top:-50px; width: 100%; padding: 30px; color:#fff !important;\"><div class=\"dash\"><h4><span class=\"headline\">Traitement du sourire gommeux, avant et apr\u00e8s l&#8217;op\u00e9ration. Traitement du sourire gommeux, image avant et imm\u00e9diatement apr\u00e8s l&#8217;op\u00e9ration.<\/span><\/h4><\/div><\/header><\/div><\/div><div class=\"rowItem col-md-4 col-ms-12 btTextLeft\"  ><div class=\"rowItemContent\" ><div class=\"btClear btSeparator topExtraSmallSpaced noBorder\" ><hr><\/div><div class=\"btIconImageRow\" ><div class=\"bpgPhoto btTextCenter\" ><div class=\"btImage\"><img decoding=\"async\" src=\"https:\/\/dentplus.com.tr\/V2\/wp-content\/uploads\/vaka11.jpg\" alt=\"T\u00fcm a\u011f\u0131z protetik rehabilitasyon uygulamas\u0131.\" title=\"T\u00fcm a\u011f\u0131z protetik rehabilitasyon uygulamas\u0131.\"><\/div><\/div><\/div><div class=\"btClear btSeparator topExtraSmallSpaced noBorder\" ><hr><\/div><header class=\"header btClear small  btAlternateDash\" style=\"text-align:center !important; background-color:#00b3cc; position:relative; top:-50px; width: 100%; padding: 30px; color:#fff !important;\"><div class=\"dash\"><h4><span class=\"headline\">L&#8217;application de r\u00e9habilitation proth\u00e9tique de la bouche enti\u00e8re a \u00e9t\u00e9 r\u00e9alis\u00e9e.<\/span><\/h4><\/div><\/header><\/div><\/div><div class=\"rowItem col-md-4 col-ms-12 btTextLeft\"  ><div class=\"rowItemContent\" ><div class=\"btClear btSeparator topExtraSmallSpaced noBorder\" ><hr><\/div><div class=\"btIconImageRow\" ><div class=\"bpgPhoto btTextCenter\" ><div class=\"btImage\"><img decoding=\"async\" src=\"https:\/\/dentplus.com.tr\/V2\/wp-content\/uploads\/9-1.jpg\" alt=\"Ortodontik tedavi istemeyen hastan\u0131n protetik tedavisi\" title=\"Ortodontik tedavi istemeyen hastan\u0131n protetik tedavisi\"><\/div><\/div><\/div><div class=\"btClear btSeparator topExtraSmallSpaced noBorder\" ><hr><\/div><header class=\"header btClear small  btAlternateDash\" style=\"text-align:center !important; background-color:#00b3cc; position:relative; top:-50px; width: 100%; padding: 30px; color:#fff !important;\"><div class=\"dash\"><h4><span class=\"headline\">L&#8217;application de l&#8217;implant SIC, le traitement endodontique et les proth\u00e8ses ont \u00e9t\u00e9 effectu\u00e9s pour le patient qui s&#8217;est pr\u00e9sent\u00e9 \u00e0 notre clinique en raison d&#8217;un probl\u00e8me parodontal suite \u00e0 l&#8217;op\u00e9ration parodontale.<\/span><\/h4><\/div><\/header><\/div><\/div><\/div><\/div><\/div><\/div><\/div><\/section><section id=\"bt_section69ec1495a7fae\"  class=\"boldSection topSemiSpaced bottomSemiSpaced btDarkSkin gutter inherit btAccentColorBackground\" style=\"margin-top: -6px;\"><div class=\"port\"><div class=\"boldCell\"><div class=\"boldCellInner\"><div class=\"boldRow  \" ><div class=\"boldRowInner\"><div class=\"rowItem col-md-8 col-ms-12 btTextLeft animate animate-fadein animate-moveup btMiddleVertical\"  ><div class=\"rowItemContent\" ><header class=\"header btClear medium  btAccentDash\" ><div class=\"dash\"><h3><span class=\"headline\">VEUILLEZ NOUS CONTACTER POUR PRENDRE RENDEZ-VOUS<\/span><\/h3><\/div><\/header><\/div><\/div><div class=\"rowItem col-md-4 col-ms-12 btTextLeft animate animate-fadein animate-moveup btMiddleVertical\"  ><div class=\"rowItemContent\" ><a href=\"https:\/\/dentplus.com.tr\/V2\/fr\/rendez-vous-en-ligne\/\" class=\"btBtn btBtn btnFilledStyle btnNormalColor btnSmall btnNormalWidth btnRightPosition btnNoIcon\" ><span class=\"btnInnerText\">RENDEZ-VOUS EN LIGNE<\/span><\/a><\/div><\/div><\/div><\/div><\/div><\/div><\/div><\/section><\/p>\n","protected":false},"excerpt":{"rendered":"","protected":false},"author":1,"featured_media":0,"parent":0,"menu_order":0,"comment_status":"closed","ping_status":"closed","template":"","meta":{"ngg_post_thumbnail":0,"footnotes":""},"class_list":["post-4836","page","type-page","status-publish","hentry"],"_links":{"self":[{"href":"https:\/\/dentplus.com.tr\/V2\/wp-json\/wp\/v2\/pages\/4836","targetHints":{"allow":["GET"]}}],"collection":[{"href":"https:\/\/dentplus.com.tr\/V2\/wp-json\/wp\/v2\/pages"}],"about":[{"href":"https:\/\/dentplus.com.tr\/V2\/wp-json\/wp\/v2\/types\/page"}],"author":[{"embeddable":true,"href":"https:\/\/dentplus.com.tr\/V2\/wp-json\/wp\/v2\/users\/1"}],"replies":[{"embeddable":true,"href":"https:\/\/dentplus.com.tr\/V2\/wp-json\/wp\/v2\/comments?post=4836"}],"version-history":[{"count":4,"href":"https:\/\/dentplus.com.tr\/V2\/wp-json\/wp\/v2\/pages\/4836\/revisions"}],"predecessor-version":[{"id":5128,"href":"https:\/\/dentplus.com.tr\/V2\/wp-json\/wp\/v2\/pages\/4836\/revisions\/5128"}],"wp:attachment":[{"href":"https:\/\/dentplus.com.tr\/V2\/wp-json\/wp\/v2\/media?parent=4836"}],"curies":[{"name":"wp","href":"https:\/\/api.w.org\/{rel}","templated":true}]}}