{"id":4816,"date":"2022-12-26T11:22:58","date_gmt":"2022-12-26T08:22:58","guid":{"rendered":"https:\/\/dentplus.com.tr\/V2\/?page_id=4816"},"modified":"2024-04-24T11:42:25","modified_gmt":"2024-04-24T08:42:25","slug":"a-propos-de-nous","status":"publish","type":"page","link":"https:\/\/dentplus.com.tr\/V2\/fr\/a-propos-de-nous\/","title":{"rendered":"\u00c0 propos de nous"},"content":{"rendered":"<p><section id=\"bt_section69ebfeee69d7e\"  class=\"boldSection topSemiSpaced btDarkSkin gutter inherit wBackground cover btAccentColorBackground\" style=\"background-image:url('https:\/\/dentplus.com.tr\/V2\/wp-content\/uploads\/bllurred-background.jpg');\"><div class=\"port\"><div class=\"boldCell\"><div class=\"boldCellInner\"><div class=\"boldRow  \" ><div class=\"boldRowInner\"><div class=\"rowItem col-md-12 col-ms-12  btTextLeft animate animate-fadein animate-moveleft inherit\"  ><div class=\"rowItemContent\" ><div class=\"btClear btSeparator topExtraSpaced bottomSmallSpaced noBorder\" ><hr><\/div><header class=\"header btClear extralarge btDash topDash  btNormalDash\" style=\"text-align: justify !important; }\"><div class=\"btSuperTitle\">\u00e0 propos de nous<\/div><div class=\"dash\"><h1><span class=\"headline\">DENTPLUS<\/span><\/h1><\/div><div class=\"btSubTitle\">Dentplus a \u00e9t\u00e9 fond\u00e9e en 2004 par le Dr Deniz Noyun et le Dr Fond\u00e9 par Fuat Noyun, Dinamik est une clinique dentaire qui suit les innovations, suit les nouvelles technologies \u00e9prouv\u00e9es, travaille avec des m\u00e9decins dans diverses branches, vise \u00e0 fournir un bon service \u00e0 ses patients. Notre philosophie est de fournir une bonne hygi\u00e8ne bucco-dentaire \u00e0 nos patients en combinant les derni\u00e8res technologies et \u00e9tudes scientifiques avec nos exp\u00e9riences cliniques et d&#8217;essayer de pr\u00e9venir les probl\u00e8mes qui peuvent survenir avec des contr\u00f4les r\u00e9guliers. \u00c0 cette fin, les m\u00e9decins, chacun sp\u00e9cialiste dans sa propre branche, suivent des foires, des congr\u00e8s et des s\u00e9minaires nationaux et internationaux. Et ils servent leurs patients avec des innovations \u00e9prouv\u00e9es. en 2007, la deuxi\u00e8me des cliniques Dent Plus a \u00e9t\u00e9 ouverte \u00e0 Bursa.<\/div><\/header><div class=\"btClear btSeparator topExtraSmallSpaced noBorder\" ><hr><\/div><a href=\"#doktorlar\u0131m\u0131z\" class=\"btBtn btBtn btnFilledStyle btnAccentColor btnMedium btnNormalWidth btnRightPosition btnNoIcon\" ><span class=\"btnInnerText\">NOS M\u00c9DECINS<\/span><\/a><a href=\"#klinklerimiz\" class=\"btBtn btBtn btnFilledStyle btnAlternateColor btnMedium btnNormalWidth btnRightPosition btnNoIcon\" ><span class=\"btnInnerText\">NOS CLINIQUES<\/span><\/a><a href=\"https:\/\/dentplus.com.tr\/V2\/fr\/nos-evenements\/\" class=\"btBtn btBtn btnFilledStyle btnAccentColor btnMedium btnNormalWidth btnRightPosition btnNoIcon\" ><span class=\"btnInnerText\">NOS EVENEMENTS<\/span><\/a><div class=\"btClear btSeparator topSpaced noBorder\" ><hr><\/div><\/div><\/div><\/div><\/div><\/div><\/div><\/div><\/section><section id=\"doktorlar\u0131m\u0131z\"  class=\"boldSection gutter inherit\" style=\"background-color:#f1f1f1;padding-top: 30px !important;\"><div class=\"port\"><div class=\"boldCell\"><div class=\"boldCellInner\"><div class=\"boldRow  \" ><div class=\"boldRowInner\"><div class=\"rowItem col-md-12 col-ms-12  btTextLeft animate animate-fadein btMiddleVertical\"  ><div class=\"rowItemContent\" ><div class=\"btClear btSeparator bottomSmallSpaced noBorder\" ><hr><\/div><header class=\"header btClear large btDash topDash  btAccentDash\" ><div class=\"btSuperTitle\">DENTPLUS<\/div><div class=\"dash\"><h2><span class=\"headline\">nos m\u00e9decins<\/span><\/h2><\/div><\/header><div class=\"btClear btSeparator bottomSemiSpaced noBorder\" ><hr><\/div><\/div><\/div><\/div><\/div><\/div><\/div><\/div><\/section><section id=\"bt_section69ebfeee6a5f9\"  class=\"boldSection bottomSpaced btDarkSkin gutter inherit\" style=\"background-color:#f1f1f1;\"><div class=\"port\"><div class=\"boldCell\"><div class=\"boldCellInner\"><div class=\"boldRow  \" ><div class=\"boldRowInner\"><div class=\"rowItem col-md-4 col-ms-12 btTextLeft animate animate-fadein btTextIndent inherit\" style=\"background-color: rgba(241, 241, 241, 1);\" ><div class=\"rowItemContent\" style = \"background-color:#006d95;\"><div class=\"bpgPhoto btTextCenter\" > \r\n\t\t\t\t\t<a href=\"https:\/\/dentplus.com.tr\/V2\/fr\/dr-deniz-noyun-4\/\" target=\"_self\" title=\"\"><\/a>\r\n\t\t\t\t\t<div class=\"boldPhotoBox\"><div class=\"bpbItem\"><div class = \"btImage\"><img decoding=\"async\" src=\"https:\/\/dentplus.com.tr\/V2\/wp-content\/uploads\/denzssss.png\" alt=\"\" title=\"\" ><\/div><\/div><\/div>\r\n\t\t\t\t\t<div class=\"captionPane\">\r\n\t\t\t\t\t\t<div class=\"captionTable\">\r\n\t\t\t\t\t\t\t<div class=\"captionCell\">\r\n\t\t\t\t\t\t\t\t<div class=\"captionTxt\"><\/div>\r\n\t\t\t\t\t\t\t<\/div>\r\n\t\t\t\t\t\t<\/div>\r\n\t\t\t\t\t<\/div><\/div><div class=\"btIconImageRow btIconsHalfHoverPosition\" ><span class=\"btIco btIcoFilledType btIcoMediumSize btIcoAccentColor   \" ><a href=\"https:\/\/dentplus.com.tr\/V2\/dr-deniz-noyun\/\"  target = \"no_target\" data-ico-cs=\"&#xe9bb;\" class=\"btIcoHolder\"><em><\/em><\/a><\/span><\/div><div class=\"btClear btSeparator topExtraSmallSpaced noBorder\" ><hr><\/div><header class=\"header btClear medium  btNormalDash\" style=\"margin-bottom: 0;\"><div class=\"btSuperTitle\">Sp\u00e9cialiste des Maladies des gencives<\/div><div class=\"dash\"><h3><span class=\"headline\">Deniz Noyun<\/span><\/h3><\/div><\/header><div class=\"btClear btSeparator topExtraSmallSpaced noBorder\" ><hr><\/div><div class=\"btText\" ><\/p>\n<p>il est n\u00e9 \u00e0 Adana en 1975. Il a termin\u00e9 ses \u00e9tudes primaires, secondaires et secondaires \u00e0 Bursa. il est dipl\u00f4m\u00e9 de la Facult\u00e9 de m\u00e9decine dentaire de l&#8217;Universit\u00e9 d&#8217;Istanbul,<\/p>\n<p>\n<\/div><div class=\"btClear btSeparator topSmallSpaced noBorder\" ><hr><\/div><div class=\"btIconImageRow btTextRight\" ><\/div><div class=\"btClear btSeparator topSmallSpaced noBorder\" ><hr><\/div><\/div><\/div><div class=\"rowItem col-md-4 col-ms-12 btTextLeft animate animate-fadein btTextIndent inherit\" style=\"background-color: rgba(241, 241, 241, 1);\" ><div class=\"rowItemContent\" style = \"background-color:#006d95;\"><div class=\"bpgPhoto btTextCenter\" > \r\n\t\t\t\t\t<a href=\"https:\/\/dentplus.com.tr\/V2\/fr\/dr-fuat-noyun-3\/\" target=\"_self\" title=\"\"><\/a>\r\n\t\t\t\t\t<div class=\"boldPhotoBox\"><div class=\"bpbItem\"><div class = \"btImage\"><img decoding=\"async\" src=\"https:\/\/dentplus.com.tr\/V2\/wp-content\/uploads\/doktorfuatz-1.png\" alt=\"\" title=\"\" ><\/div><\/div><\/div>\r\n\t\t\t\t\t<div class=\"captionPane\">\r\n\t\t\t\t\t\t<div class=\"captionTable\">\r\n\t\t\t\t\t\t\t<div class=\"captionCell\">\r\n\t\t\t\t\t\t\t\t<div class=\"captionTxt\"><\/div>\r\n\t\t\t\t\t\t\t<\/div>\r\n\t\t\t\t\t\t<\/div>\r\n\t\t\t\t\t<\/div><\/div><div class=\"btIconImageRow btIconsHalfHoverPosition\" ><span class=\"btIco btIcoFilledType btIcoMediumSize btIcoAccentColor   \" ><a href=\"http:\/\/localhost\/dentplus\/hakkimizda\/doktorlarimiz\/dr-fuat-noyan\/\"  target = \"no_target\" data-ico-cs=\"&#xe9bb;\" class=\"btIcoHolder\"><em><\/em><\/a><\/span><\/div><div class=\"btClear btSeparator topExtraSmallSpaced noBorder\" ><hr><\/div><header class=\"header btClear medium  btNormalDash\" style=\"margin-bottom: 0;\"><div class=\"btSuperTitle\">Sp\u00e9cialiste en Proth\u00e8ses<\/div><div class=\"dash\"><h3><span class=\"headline\">Docteur Fuat Noyun<\/span><\/h3><\/div><\/header><div class=\"btClear btSeparator topExtraSmallSpaced noBorder\" ><hr><\/div><div class=\"btText\" ><\/p>\n<p style=\"padding-bottom: 6%;\">il est n\u00e9 \u00e0 Adana en 1971. il est dipl\u00f4m\u00e9 de Tarsus American High School en 1989. Il est dipl\u00f4m\u00e9 de la Facult\u00e9 de m\u00e9decine dentaire de l&#8217;Universit\u00e9 d&#8217;Istanbul,<\/p>\n<p>\n<\/div><div class=\"btClear btSeparator topSmallSpaced noBorder\" ><hr><\/div><div class=\"btIconImageRow btTextRight\" ><\/div><div class=\"btClear btSeparator topSmallSpaced noBorder\" ><hr><\/div><\/div><\/div><div class=\"rowItem col-md-4 col-ms-12 btTextLeft animate animate-fadein btTextIndent inherit\" style=\"background-color: rgba(241, 241, 241, 1);\" ><div class=\"rowItemContent\" style = \"background-color:#0087aa;\"><div class=\"bpgPhoto btTextCenter\" > \r\n\t\t\t\t\t<a href=\"https:\/\/dentplus.com.tr\/V2\/fr\/exp-dr-emir-yilmaz-2\/\" target=\"_self\" title=\"\"><\/a>\r\n\t\t\t\t\t<div class=\"boldPhotoBox\"><div class=\"bpbItem\"><div class = \"btImage\"><img decoding=\"async\" src=\"https:\/\/dentplus.com.tr\/V2\/wp-content\/uploads\/emiry\u0131l.jpg\" alt=\"\" title=\"\" ><\/div><\/div><\/div>\r\n\t\t\t\t\t<div class=\"captionPane\">\r\n\t\t\t\t\t\t<div class=\"captionTable\">\r\n\t\t\t\t\t\t\t<div class=\"captionCell\">\r\n\t\t\t\t\t\t\t\t<div class=\"captionTxt\"><\/div>\r\n\t\t\t\t\t\t\t<\/div>\r\n\t\t\t\t\t\t<\/div>\r\n\t\t\t\t\t<\/div><\/div><div class=\"btIconImageRow btIconsHalfHoverPosition\" ><span class=\"btIco btIcoFilledType btIcoMediumSize btIcoAccentColor   \" ><a href=\"http:\/\/localhost\/dentplus\/hakkimizda\/doktorlarimiz\/dr-emir-yilmaz\/\"  target = \"no_target\" data-ico-cs=\"&#xe9bc;\" class=\"btIcoHolder\"><em><\/em><\/a><\/span><\/div><div class=\"btClear btSeparator topExtraSmallSpaced noBorder\" ><hr><\/div><header class=\"header btClear medium  btNormalDash\" style=\"margin-bottom: 0;\"><div class=\"btSuperTitle\">Endodontiste<\/div><div class=\"dash\"><h3><span class=\"headline\">EXP. Dt. \u00c9mir Yilmaz<\/span><\/h3><\/div><\/header><div class=\"btClear btSeparator topExtraSmallSpaced noBorder\" ><hr><\/div><div class=\"btText\" ><\/p>\n<p>Je suis n\u00e9 \u00e0 K\u0131r\u0131kkale en 1985. apr\u00e8s avoir obtenu mon dipl\u00f4me du Lyc\u00e9e anatolien de K\u0131r\u0131kkale en 2003, j&#8217;ai commenc\u00e9 mes \u00e9tudes \u00e0 la Facult\u00e9 de m\u00e9decine dentaire de l&#8217;Universit\u00e9 Ege en 2006<\/p>\n<p>\n<\/div><div class=\"btClear btSeparator topSmallSpaced noBorder\" ><hr><\/div><div class=\"btIconImageRow btTextRight\" ><\/div><div class=\"btClear btSeparator topSmallSpaced noBorder\" ><hr><\/div><\/div><\/div><\/div><\/div><div class=\"boldRow  \" style=\"padding-top:5% !important;\"><div class=\"boldRowInner\"><div class=\"rowItem col-md-6 col-sm-12 btTextLeft animate animate-fadein btTextIndent inherit btDarkSkin\" style=\"background-color: rgba(224, 224, 224, 1);\" ><div class=\"rowItemContent\" style = \"background-color:#006d95;\"><\/div><\/div><div class=\"rowItem col-md-6 col-sm-12 btTextLeft animate animate-fadein btTextIndent inherit\" style=\"background-color: rgba(241, 241, 241, 1);\" ><div class=\"rowItemContent\" style = \"background-color:#006d95;\"><\/div><\/div><\/div><\/div><\/div><\/div><\/div><\/section><section id=\"klinklerimiz\"  class=\"boldSection topSemiSpaced bottomSemiSpaced btLightSkin gutter inherit\" ><div class=\"port\"><div class=\"boldCell\"><div class=\"boldCellInner\"><div class=\"boldRow  \" ><div class=\"boldRowInner\"><div class=\"rowItem col-md-12 col-ms-12  btTextLeft\"  ><div class=\"rowItemContent\" ><header class=\"header btClear small  btAccentDash\" ><div class=\"dash\"><h4><span class=\"headline\">BURSA GE\u00c7\u0130T DENTPLUS<\/span><\/h4><\/div><\/header><div class=\"bt_bb_slider bt_bb_height_auto\"><div class=\"slick-slider\"  data-slick='{ \"lazyLoad\": \"progressive\", \"cssEase\": \"ease-out\", \"speed\": \"300\", \"prevArrow\": \"&lt;button type=\\\"button\\\" class=\\\"slick-prev\\\"&gt;\", \"nextArrow\": \"&lt;button type=\\\"button\\\" class=\\\"slick-next\\\"&gt;\", \"adaptiveHeight\": true,\"autoplay\": true, \"autoplaySpeed\": 3000}' ><div class=\"bt_bb_slider_item\"><img decoding=\"async\" src=\"https:\/\/dentplus.com.tr\/V2\/wp-content\/uploads\/5-1.jpg\" alt=\"5\"  title=\"5\"><\/div><div class=\"bt_bb_slider_item\"><img decoding=\"async\" src=\"https:\/\/dentplus.com.tr\/V2\/wp-content\/uploads\/6-2.jpg\" alt=\"6\"  title=\"6\"><\/div><div class=\"bt_bb_slider_item\"><img decoding=\"async\" src=\"https:\/\/dentplus.com.tr\/V2\/wp-content\/uploads\/7-2.jpg\" alt=\"7\"  title=\"7\"><\/div><div class=\"bt_bb_slider_item\"><img decoding=\"async\" src=\"https:\/\/dentplus.com.tr\/V2\/wp-content\/uploads\/8-2.jpg\" alt=\"8\"  title=\"8\"><\/div><div class=\"bt_bb_slider_item\"><img decoding=\"async\" src=\"https:\/\/dentplus.com.tr\/V2\/wp-content\/uploads\/9-2.jpg\" alt=\"9\"  title=\"9\"><\/div><div class=\"bt_bb_slider_item\"><img decoding=\"async\" src=\"https:\/\/dentplus.com.tr\/V2\/wp-content\/uploads\/10-1.jpg\" alt=\"10\"  title=\"10\"><\/div><div class=\"bt_bb_slider_item\"><img decoding=\"async\" src=\"https:\/\/dentplus.com.tr\/V2\/wp-content\/uploads\/11-3.jpg\" alt=\"11\"  title=\"11\"><\/div><div class=\"bt_bb_slider_item\"><img decoding=\"async\" src=\"https:\/\/dentplus.com.tr\/V2\/wp-content\/uploads\/12-2.jpg\" alt=\"12\"  title=\"12\"><\/div><div class=\"bt_bb_slider_item\"><img decoding=\"async\" src=\"https:\/\/dentplus.com.tr\/V2\/wp-content\/uploads\/13-1.jpg\" alt=\"13\"  title=\"13\"><\/div><div class=\"bt_bb_slider_item\"><img decoding=\"async\" src=\"https:\/\/dentplus.com.tr\/V2\/wp-content\/uploads\/14-1.jpg\" alt=\"14\"  title=\"14\"><\/div><div class=\"bt_bb_slider_item\"><img decoding=\"async\" src=\"https:\/\/dentplus.com.tr\/V2\/wp-content\/uploads\/15-1.jpg\" alt=\"15\"  title=\"15\"><\/div><div class=\"bt_bb_slider_item\"><img decoding=\"async\" src=\"https:\/\/dentplus.com.tr\/V2\/wp-content\/uploads\/21-1.jpg\" alt=\"21\"  title=\"21\"><\/div><div class=\"bt_bb_slider_item\"><img decoding=\"async\" src=\"https:\/\/dentplus.com.tr\/V2\/wp-content\/uploads\/31-1.jpg\" alt=\"31\"  title=\"31\"><\/div><div class=\"bt_bb_slider_item\"><img decoding=\"async\" src=\"https:\/\/dentplus.com.tr\/V2\/wp-content\/uploads\/41-1.jpg\" alt=\"41\"  title=\"41\"><\/div><\/div><\/div><\/div><\/div><\/div><\/div><\/div><\/div><\/div><\/section><section id=\"bt_section69ebfeee6c4ff\"  class=\"boldSection topSemiSpaced bottomSemiSpaced btDarkSkin gutter inherit btAccentColorBackground\" ><div class=\"port\"><div class=\"boldCell\"><div class=\"boldCellInner\"><div class=\"boldRow  \" ><div class=\"boldRowInner\"><div class=\"rowItem col-md-8 col-ms-12 btTextLeft animate animate-fadein animate-moveup btMiddleVertical\"  ><div class=\"rowItemContent\" ><header class=\"header btClear medium  btAccentDash\" ><div class=\"dash\"><h3><span class=\"headline\">VEUILLEZ NOUS CONTACTER POUR PRENDRE RENDEZ-VOUS<\/span><\/h3><\/div><\/header><\/div><\/div><div class=\"rowItem col-md-4 col-ms-12 btTextRight animate animate-fadein animate-moveup btMiddleVertical\"  ><div class=\"rowItemContent\" ><a href=\"https:\/\/dentplus.com.tr\/V2\/fr\/rendez-vous-en-ligne\/\" class=\"btBtn btBtn btnFilledStyle btnAlternateColor btnSmall btnNormalWidth btnRightPosition btnNoIcon\" ><span class=\"btnInnerText\">RDV EN LIGNE<\/span><\/a><\/div><\/div><\/div><\/div><\/div><\/div><\/div><\/section><\/p>\n","protected":false},"excerpt":{"rendered":"","protected":false},"author":1,"featured_media":0,"parent":0,"menu_order":0,"comment_status":"closed","ping_status":"closed","template":"","meta":{"ngg_post_thumbnail":0,"footnotes":""},"class_list":["post-4816","page","type-page","status-publish","hentry"],"_links":{"self":[{"href":"https:\/\/dentplus.com.tr\/V2\/wp-json\/wp\/v2\/pages\/4816","targetHints":{"allow":["GET"]}}],"collection":[{"href":"https:\/\/dentplus.com.tr\/V2\/wp-json\/wp\/v2\/pages"}],"about":[{"href":"https:\/\/dentplus.com.tr\/V2\/wp-json\/wp\/v2\/types\/page"}],"author":[{"embeddable":true,"href":"https:\/\/dentplus.com.tr\/V2\/wp-json\/wp\/v2\/users\/1"}],"replies":[{"embeddable":true,"href":"https:\/\/dentplus.com.tr\/V2\/wp-json\/wp\/v2\/comments?post=4816"}],"version-history":[{"count":7,"href":"https:\/\/dentplus.com.tr\/V2\/wp-json\/wp\/v2\/pages\/4816\/revisions"}],"predecessor-version":[{"id":5190,"href":"https:\/\/dentplus.com.tr\/V2\/wp-json\/wp\/v2\/pages\/4816\/revisions\/5190"}],"wp:attachment":[{"href":"https:\/\/dentplus.com.tr\/V2\/wp-json\/wp\/v2\/media?parent=4816"}],"curies":[{"name":"wp","href":"https:\/\/api.w.org\/{rel}","templated":true}]}}