{"id":4109,"date":"2018-10-30T09:58:42","date_gmt":"2018-10-30T06:58:42","guid":{"rendered":"https:\/\/dentplus.com.tr\/V2\/?page_id=4109"},"modified":"2020-09-26T17:34:24","modified_gmt":"2020-09-26T14:34:24","slug":"dr-deniz-noyun-2","status":"publish","type":"page","link":"https:\/\/dentplus.com.tr\/V2\/en\/dr-deniz-noyun-2\/","title":{"rendered":"Dr. Deniz Noyun"},"content":{"rendered":"<p><section id=\"bt_section69ec2d85a270f\"  class=\"boldSection topSemiSpaced btDarkSkin gutter inherit wBackground cover btAccentColorBackground\" style=\"background-image:url('https:\/\/dentplus.com.tr\/V2\/wp-content\/uploads\/bllurred-background.jpg');padding-top: 150px !important;\"><div class=\"port\"><div class=\"boldCell\"><div class=\"boldCellInner\"><div class=\"boldRow  \" ><div class=\"boldRowInner\"><div class=\"rowItem col-md-4 col-ms-12 btTextLeft animate animate-fadein animate-moveright btBottomVertical btNoPadding\"  ><div class=\"rowItemContent\" ><div class=\"bpgPhoto btTextCenter\" ><div class=\"btImage\"><img decoding=\"async\" src=\"https:\/\/dentplus.com.tr\/V2\/wp-content\/uploads\/denizs.png\" alt=\"\" title=\"\"><\/div><\/div><\/div><\/div><div class=\"rowItem col-md-8 col-ms-12 btTextLeft animate animate-fadein animate-moveleft inherit btDoublePadding\" style=\"padding-top:50px !important;\" ><div class=\"rowItemContent\" ><div class=\"btClear btSeparator topExtraSpaced bottomSmallSpaced noBorder\" ><hr><\/div><header class=\"header btClear extralarge btDash topDash  btNormalDash\" ><div class=\"btSuperTitle\">Periodontologist<\/div><div class=\"dash\"><h1><span class=\"headline\">Dr. Deniz Noyun<\/span><\/h1><\/div><\/header><div class=\"btClear btSeparator topExtraSmallSpaced noBorder\" ><hr><\/div><\/div><\/div><\/div><\/div><\/div><\/div><\/div><\/section><section id=\"bt_section69ec2d85a4875\"  class=\"boldSection gutter inherit\" style=\"margin-top: -6px;\"><div class=\"port\"><div class=\"boldCell\"><div class=\"boldCellInner\"><div class=\"boldRow  \" ><div class=\"boldRowInner\"><div class=\"rowItem col-md-3 col-sm-6 col-ms-12 btTextLeft inherit\" style=\"background-color: rgba(0, 179, 204, 1);\" ><div class=\"rowItemContent\" ><div class=\"btClear btSeparator topExtraSmallSpaced noBorder\" ><hr><\/div><\/div><\/div><div class=\"rowItem col-md-3 col-sm-6 col-ms-12 btTextLeft inherit\" style=\"background-color: rgba(0, 161, 190, 1);\" ><div class=\"rowItemContent\" ><div class=\"btClear btSeparator topExtraSmallSpaced noBorder\" ><hr><\/div><\/div><\/div><div class=\"rowItem col-md-3 col-sm-6 col-ms-12 btTextLeft inherit\" style=\"background-color: rgba(0, 135, 170, 1);\" ><div class=\"rowItemContent\" ><div class=\"btClear btSeparator topExtraSmallSpaced noBorder\" ><hr><\/div><\/div><\/div><div class=\"rowItem col-md-3 col-sm-6 col-ms-12 btTextLeft inherit\" style=\"background-color: rgba(0, 109, 149, 1);\" ><div class=\"rowItemContent\" ><div class=\"btClear btSeparator topExtraSmallSpaced noBorder\" ><hr><\/div><\/div><\/div><\/div><\/div><\/div><\/div><\/div><\/section><section id=\"bt_section69ec2d85a4a3e\"  class=\"boldSection topSemiSpaced bottomSpaced gutter inherit\" style=\"background-color:#f1f1f1;\"><div class=\"port\"><div class=\"boldCell\"><div class=\"boldCellInner\"><div class=\"boldRow  \" ><div class=\"boldRowInner\"><div class=\"rowItem col-md-12 col-ms-12  btTextLeft animate animate-fadein inherit btDoublePadding\"  ><div class=\"rowItemContent\" ><div class=\"boldRow boldInnerRow  \" ><div class=\"rowItem rowInnerItem col-md-12  btTextLeft\"  ><div class=\"rowItemContent\"><div class=\"btText\" ><\/p>\n<section class=\"page-section\">\n<div class=\"row\">\n<div id=\"post-1994\" class=\"post-1994 page type-page status-publish hentry\">\n<div class=\"sixteen columns\">\n<p>She was born in Adana in 1975. She completed primary and high school in Bursa. In 1993, she enrolled in Istanbul University Faculty of Dentistry and graduated in 1998. She worked as a freelance dentist in Unident, Prodent, Dentplus Clinics. In 2002, she started her PhD in Yeditepe University Faculty of Dentistry Periodontology Department. She submitted her thesis to Eurpean Federation of Periodontology in 2005 and finished her PhD in 2006. She is married to dentist Fuat Noyun. She is the mother of a child named Demir. She is member to Turkish Periodontology Association, Turkish Oral Implantology Association, European Federation of Periodontology, and American Academy of Periodontology of Periodontology, Osteology, European Association of Osseointegration and ITI Club.<\/p>\n<p><a href=\"http:\/\/deniznoyun.com.tr\/V2\/\">Deniz Noyun \u2013 Di\u015f Eti Hastal\u0131klar\u0131 Uzman\u0131<\/a><\/p>\n<p><img loading=\"lazy\" decoding=\"async\" class=\"aligncenter size-full wp-image-3833\" src=\"https:\/\/dentplus.com.tr\/V2\/wp-content\/uploads\/efp.jpg\" alt=\"\" width=\"223\" height=\"166\"><\/p>\n<p>&nbsp;<\/p>\n<\/div>\n<\/div>\n<\/div>\n<\/section>\n<section class=\"page-section\"><\/section>\n<p>\n<\/div><\/div><\/div><\/div><div class=\"btClear btSeparator topSmallSpaced bottomSmallSpaced border\" ><hr><\/div><div class=\"btText\" ><\/p>\n<h3>Kongre Kat\u0131l\u0131mlar\u0131<\/h3>\n<ul>\n<li>International&nbsp; Association for Dental&nbsp; Research, &nbsp;24-27 A\u011fustos&nbsp; 2000 &nbsp; \u2013 &nbsp; Var\u015fova<\/li>\n<li>Unident &nbsp;Uygulamalar\u0131&nbsp; Protez Semineri, &nbsp;15-16 Aral\u0131k&nbsp;&nbsp;&nbsp; 2000 &nbsp; \u2013 &nbsp; &nbsp; \u0130stanbul<\/li>\n<li>FDI Annual World Dental&nbsp; Congress, &nbsp;29 Kas\u0131m \u2013 2 Aral\u0131k 2000 &nbsp;\u2013 &nbsp; Paris<\/li>\n<li>EDAD Kongresi, &nbsp;21 \u2013 23 Eyl\u00fcl \u2013 \u0130stanbul<\/li>\n<li>Europerio 4 Conference, &nbsp;19-21 Haziran 2003 &nbsp; \u2013 &nbsp; Berlin<\/li>\n<li>T\u00fcrk Periodontoloji Derne\u011fi 33. Bilimsel Kongresi, &nbsp; 31 A\u011fustos 4 Eyl\u00fcl 2003 &nbsp;\u2013 &nbsp; Antalya<\/li>\n<li>2.Turk ITI Kongresi, &nbsp; 15-16 May\u0131s 2004 &nbsp;\u2013 &nbsp;\u0130stanbul<\/li>\n<li>Brolase Kullan\u0131c\u0131 Sempozyumu ve Laser Kursu,&nbsp;23 Eyl\u00fcl 2004 &nbsp;\u2013 &nbsp;\u0130stanbul<\/li>\n<li>&nbsp;ITI&nbsp; Dental Implant Sistemi Uygulama Kursu, &nbsp;24 Ekim 2004 &nbsp;\u2013 &nbsp;\u0130stanbul<\/li>\n<li>Recent&nbsp; Updates in Dental Implantology, 10 Kas\u0131m 2004 \u2013 &nbsp;\u0130stanbul<\/li>\n<li>Continental&nbsp; European and Scadinavian Divisions of the International Association of Dental Research, &nbsp;15-17 Eyl\u00fcl 2005 \u2013 Hollanda<\/li>\n<li>4.International Quintessence Symposium, 28-29 Nisan 2006 \u2013 \u0130stanbul<\/li>\n<li>Europerio 5 Conference, 29-30 Haziran 2006 &nbsp;\u2013 &nbsp;Madrid<\/li>\n<li>Bilimsel kan\u0131t \u0131\u015f\u0131\u011f\u0131nda lazerin periodontolojideki yeri, &nbsp;26-27 Ekim 2007 &nbsp;\u2013 &nbsp;Adana<\/li>\n<li>T\u00fcrk Oral \u0130mplantoloji Derne\u011fi 4.Uluslararas\u0131 sempozyomu, &nbsp; 11-12 Ocak 2008 \u2013 &nbsp;\u0130stanbul<\/li>\n<li>Oral \u0130mplantoloji Prati\u011finde Ger\u00e7ekler, &nbsp;3-4 May\u0131s 2008 &nbsp;\u2013 &nbsp;\u0130stanbul<\/li>\n<li>T\u00fcrk Periodontoloji Derne\u011fi 38. Bilimsel Kongresi, 22-24 May\u0131s 2008 &nbsp;\u2013 &nbsp;\u0130stanbul<\/li>\n<li>&nbsp;Masters Course in GBR and Sinus grafting Procedures, 25 Haziran 2008 &nbsp;\u2013 &nbsp;Bern<\/li>\n<li>Europerio 6 Conference, &nbsp;4-6 Haziran 2009 &nbsp;\u2013 &nbsp;Stockholm<\/li>\n<li>XXI. Uluslararas\u0131 Bilimsel Kongresi, 15-16 Ocak 2010 &nbsp; \u2013 &nbsp;\u0130stanbul<\/li>\n<li>ITI&nbsp; World Symposium, 17 Nisan 2010 &nbsp;\u2013 &nbsp;\u0130svi\u00e7re<\/li>\n<li>Temel Ya\u015fam Deste\u011fi Uygulama Kursu,&nbsp;24-26 Haziran 2010 &nbsp;\u2013 &nbsp;Bursa<\/li>\n<li>TDB 17.Uluslararas\u0131 Di\u015f Hekimli\u011fi Kongresi, &nbsp;24-26 Haziran 2010 &nbsp;\u2013 &nbsp;Bursa<\/li>\n<li>19. Annual Meeting of the European Association for&nbsp;&nbsp; Osseointegration, &nbsp;6-9 Ekim 2010 &nbsp;\u2013 &nbsp;Glasgow<\/li>\n<li>T\u00fcrk Periodontoloji 41. Bilimsel Kongresi, &nbsp;20-22 May\u0131s 2011 &nbsp;\u2013 &nbsp;\u0130stanbul<\/li>\n<li>Accuracy in Implant Dentistry Challenging of Conservative Approach, &nbsp;21-22 May\u0131s 2011 &nbsp; \u2013 &nbsp; \u0130stanbul<\/li>\n<li>&nbsp;Microsurgical Training, &nbsp;17-19 Kas\u0131m 2011 &nbsp; \u2013 &nbsp; H\u00fcrzeler &amp; Zuhr, M\u00fcnih(Almanya)<\/li>\n<li>Europerio 7 Conference, &nbsp;6-9 Haziran 2012 &nbsp; \u2013 &nbsp; Viyana<\/li>\n<li>Diabetes and Oral Health Congress,&nbsp;12 Ekim 2012 &nbsp; \u2013 &nbsp;&nbsp;Genevre<\/li>\n<li>Gingival Recession and Non-Carious Cervical Lessions &nbsp;Integrated Periodantal&nbsp; Restorative &nbsp;Management, &nbsp;8 Aral\u0131k 2012 \u2013 Atina<\/li>\n<li>\u0130mplant Cerrahisinde Uygulanabilirlik \u2013 g\u00fcncel kan\u0131tlarla yine yeniden, &nbsp;12-13 Nisan 2013 &nbsp;\u2013 &nbsp;Ankara<\/li>\n<li>1.Regenaration and Esthetics in Periodontology and Dentistry, &nbsp;8-9 Kas\u0131m 2013 &nbsp;\u2013 &nbsp;Bern<\/li>\n<li>The Turkish Society of Periodontology, &nbsp;9 May\u0131s 2014 \u2013 &nbsp;\u0130stanbul<\/li>\n<li>\u0130stanbul&nbsp; Laser Congress, 6-7 Kas\u0131m 2014 &nbsp;\u2013 &nbsp;\u0130stanbul<\/li>\n<li>T\u00fcrk Oral \u0130mplantoloji Derne\u011fi 16.Uluslararas\u0131, 16-17 Ocak 2015 &nbsp;\u2013 &nbsp;\u0130stanbul<\/li>\n<li>Periodontology 3 \u2013 Plastic Esthetic Periodontal Surgery, &nbsp;16-18 Nisan 2015 &nbsp;\u2013 &nbsp;H\u00fcrzeler &amp; Zuhr, M\u00fcnih(Almanya)<\/li>\n<li>Europerio 8&nbsp; Conference, &nbsp;3-6 Haziran 2015 &nbsp;\u2013 &nbsp;Londra<\/li>\n<li>Preproothetic&nbsp; Periodontal&nbsp; Surgery, &nbsp;3-5 Aral\u0131k&nbsp;&nbsp; 2015 &nbsp; \u2013 &nbsp;H\u00fcrzeler &amp; Zuhr, &nbsp;M\u00fcnih(Almanya)<\/li>\n<li>Implantology 1 \u2013 Modern Implant Therapy in Daily&nbsp; Practice, 14-16 Ocak 2016 &nbsp; \u2013 H\u00fcrzeler &amp; Zuhr, &nbsp;M\u00fcnih(Almanya)<\/li>\n<li>Enhanced Natural Healing in Dentistry, &nbsp;14-16 Ekim 2016 \u2013 &nbsp;Bel\u00e7ika<\/li>\n<li>2.Regenaration and Esthetics in Periodontology and Dentistry, &nbsp;18-19 Kas\u0131m 2016 &nbsp;\u2013 &nbsp;Bern<\/li>\n<li>ITI T\u00fcrkiye &amp; Azerbaycan B\u00f6l\u00fcm Toplant\u0131s\u0131, &nbsp;30 Kas\u0131m \u2013 2 Aral\u0131k 2016 &nbsp;\u2013 &nbsp;Antalya<\/li>\n<li>T\u00fcrk Oral \u0130mplantoloji Derne\u011fi XXVIII. Uluslararas\u0131 Bilimsel Kongresi, &nbsp;13 \u2013 14 Ocak 2017 &nbsp;\u2013 &nbsp;\u0130stanbul<\/li>\n<li>The 16 th International Biennial Congress of the International Academy of &nbsp;Periodontology (IAP) 27 \u2013 29.04.2017 \u2013 Brasov, Romania<\/li>\n<li>2.&nbsp;International Symposium, Soft Tissue Management Around Teeth Oral Implants 9 \u2013 10 \u015eubat 2018,&nbsp; Milano<\/li>\n<li>EuroPerio9 from June 20 \u2013 23, 2018 RAI Amsterdam, The Netherlands<\/li>\n<li>EAO Diploma Programme Live Module 1, Malm\u00f6 University &#8211; Sweden 9 &#8211; 11 November 2018<\/li>\n<li>EAO Diploma Programme in University of Groningen Live Module 2 &#8211; Netherlands 10 &#8211; 12 May 2019<\/li>\n<\/ul>\n<p>\n<\/div><\/div><\/div><\/div><\/div><\/div><\/div><\/div><\/section><\/p>\n","protected":false},"excerpt":{"rendered":"","protected":false},"author":1,"featured_media":0,"parent":0,"menu_order":0,"comment_status":"closed","ping_status":"closed","template":"","meta":{"ngg_post_thumbnail":0,"footnotes":""},"class_list":["post-4109","page","type-page","status-publish","hentry"],"_links":{"self":[{"href":"https:\/\/dentplus.com.tr\/V2\/wp-json\/wp\/v2\/pages\/4109","targetHints":{"allow":["GET"]}}],"collection":[{"href":"https:\/\/dentplus.com.tr\/V2\/wp-json\/wp\/v2\/pages"}],"about":[{"href":"https:\/\/dentplus.com.tr\/V2\/wp-json\/wp\/v2\/types\/page"}],"author":[{"embeddable":true,"href":"https:\/\/dentplus.com.tr\/V2\/wp-json\/wp\/v2\/users\/1"}],"replies":[{"embeddable":true,"href":"https:\/\/dentplus.com.tr\/V2\/wp-json\/wp\/v2\/comments?post=4109"}],"version-history":[{"count":11,"href":"https:\/\/dentplus.com.tr\/V2\/wp-json\/wp\/v2\/pages\/4109\/revisions"}],"predecessor-version":[{"id":4615,"href":"https:\/\/dentplus.com.tr\/V2\/wp-json\/wp\/v2\/pages\/4109\/revisions\/4615"}],"wp:attachment":[{"href":"https:\/\/dentplus.com.tr\/V2\/wp-json\/wp\/v2\/media?parent=4109"}],"curies":[{"name":"wp","href":"https:\/\/api.w.org\/{rel}","templated":true}]}}

<p><section id="bt_section69ec2d85a270f"  class="boldSection topSemiSpaced btDarkSkin gutter inherit wBackground cover btAccentColorBackground" style="background-image:url('https://dentplus.com.tr/V2/wp-content/uploads/bllurred-background.jpg');padding-top: 150px !important;"><div class="port"><div class="boldCell"><div class="boldCellInner"><div class="boldRow  " ><div class="boldRowInner"><div class="rowItem col-md-4 col-ms-12 btTextLeft animate animate-fadein animate-moveright btBottomVertical btNoPadding"  ><div class="rowItemContent" ><div class="bpgPhoto btTextCenter" ><div class="btImage"><img decoding="async" src="https://dentplus.com.tr/V2/wp-content/uploads/denizs.png" alt="" title=""></div></div></div></div><div class="rowItem col-md-8 col-ms-12 btTextLeft animate animate-fadein animate-moveleft inherit btDoublePadding" style="padding-top:50px !important;" ><div class="rowItemContent" ><div class="btClear btSeparator topExtraSpaced bottomSmallSpaced noBorder" ><hr></div><header class="header btClear extralarge btDash topDash  btNormalDash" ><div class="btSuperTitle">Periodontologist</div><div class="dash"><h1><span class="headline">Dr. Deniz Noyun</span></h1></div></header><div class="btClear btSeparator topExtraSmallSpaced noBorder" ><hr></div></div></div></div></div></div></div></div></section><section id="bt_section69ec2d85a4875"  class="boldSection gutter inherit" style="margin-top: -6px;"><div class="port"><div class="boldCell"><div class="boldCellInner"><div class="boldRow  " ><div class="boldRowInner"><div class="rowItem col-md-3 col-sm-6 col-ms-12 btTextLeft inherit" style="background-color: rgba(0, 179, 204, 1);" ><div class="rowItemContent" ><div class="btClear btSeparator topExtraSmallSpaced noBorder" ><hr></div></div></div><div class="rowItem col-md-3 col-sm-6 col-ms-12 btTextLeft inherit" style="background-color: rgba(0, 161, 190, 1);" ><div class="rowItemContent" ><div class="btClear btSeparator topExtraSmallSpaced noBorder" ><hr></div></div></div><div class="rowItem col-md-3 col-sm-6 col-ms-12 btTextLeft inherit" style="background-color: rgba(0, 135, 170, 1);" ><div class="rowItemContent" ><div class="btClear btSeparator topExtraSmallSpaced noBorder" ><hr></div></div></div><div class="rowItem col-md-3 col-sm-6 col-ms-12 btTextLeft inherit" style="background-color: rgba(0, 109, 149, 1);" ><div class="rowItemContent" ><div class="btClear btSeparator topExtraSmallSpaced noBorder" ><hr></div></div></div></div></div></div></div></div></section><section id="bt_section69ec2d85a4a3e"  class="boldSection topSemiSpaced bottomSpaced gutter inherit" style="background-color:#f1f1f1;"><div class="port"><div class="boldCell"><div class="boldCellInner"><div class="boldRow  " ><div class="boldRowInner"><div class="rowItem col-md-12 col-ms-12  btTextLeft animate animate-fadein inherit btDoublePadding"  ><div class="rowItemContent" ><div class="boldRow boldInnerRow  " ><div class="rowItem rowInnerItem col-md-12  btTextLeft"  ><div class="rowItemContent"><div class="btText" ></p>
<section class="page-section">
<div class="row">
<div id="post-1994" class="post-1994 page type-page status-publish hentry">
<div class="sixteen columns">
<p>She was born in Adana in 1975. She completed primary and high school in Bursa. In 1993, she enrolled in Istanbul University Faculty of Dentistry and graduated in 1998. She worked as a freelance dentist in Unident, Prodent, Dentplus Clinics. In 2002, she started her PhD in Yeditepe University Faculty of Dentistry Periodontology Department. She submitted her thesis to Eurpean Federation of Periodontology in 2005 and finished her PhD in 2006. She is married to dentist Fuat Noyun. She is the mother of a child named Demir. She is member to Turkish Periodontology Association, Turkish Oral Implantology Association, European Federation of Periodontology, and American Academy of Periodontology of Periodontology, Osteology, European Association of Osseointegration and ITI Club.</p>
<p><a href="http://deniznoyun.com.tr/V2/">Deniz Noyun – Diş Eti Hastalıkları Uzmanı</a></p>
<p><img loading="lazy" decoding="async" class="aligncenter size-full wp-image-3833" src="https://dentplus.com.tr/V2/wp-content/uploads/efp.jpg" alt="" width="223" height="166"></p>
<p>&nbsp;</p>
</div>
</div>
</div>
</section>
<section class="page-section"></section>
<p>
</div></div></div></div><div class="btClear btSeparator topSmallSpaced bottomSmallSpaced border" ><hr></div><div class="btText" ></p>
<h3>Kongre Katılımları</h3>
<ul>
<li>International&nbsp; Association for Dental&nbsp; Research, &nbsp;24-27 Ağustos&nbsp; 2000 &nbsp; – &nbsp; Varşova</li>
<li>Unident &nbsp;Uygulamaları&nbsp; Protez Semineri, &nbsp;15-16 Aralık&nbsp;&nbsp;&nbsp; 2000 &nbsp; – &nbsp; &nbsp; İstanbul</li>
<li>FDI Annual World Dental&nbsp; Congress, &nbsp;29 Kasım – 2 Aralık 2000 &nbsp;– &nbsp; Paris</li>
<li>EDAD Kongresi, &nbsp;21 – 23 Eylül – İstanbul</li>
<li>Europerio 4 Conference, &nbsp;19-21 Haziran 2003 &nbsp; – &nbsp; Berlin</li>
<li>Türk Periodontoloji Derneği 33. Bilimsel Kongresi, &nbsp; 31 Ağustos 4 Eylül 2003 &nbsp;– &nbsp; Antalya</li>
<li>2.Turk ITI Kongresi, &nbsp; 15-16 Mayıs 2004 &nbsp;– &nbsp;İstanbul</li>
<li>Brolase Kullanıcı Sempozyumu ve Laser Kursu,&nbsp;23 Eylül 2004 &nbsp;– &nbsp;İstanbul</li>
<li>&nbsp;ITI&nbsp; Dental Implant Sistemi Uygulama Kursu, &nbsp;24 Ekim 2004 &nbsp;– &nbsp;İstanbul</li>
<li>Recent&nbsp; Updates in Dental Implantology, 10 Kasım 2004 – &nbsp;İstanbul</li>
<li>Continental&nbsp; European and Scadinavian Divisions of the International Association of Dental Research, &nbsp;15-17 Eylül 2005 – Hollanda</li>
<li>4.International Quintessence Symposium, 28-29 Nisan 2006 – İstanbul</li>
<li>Europerio 5 Conference, 29-30 Haziran 2006 &nbsp;– &nbsp;Madrid</li>
<li>Bilimsel kanıt ışığında lazerin periodontolojideki yeri, &nbsp;26-27 Ekim 2007 &nbsp;– &nbsp;Adana</li>
<li>Türk Oral İmplantoloji Derneği 4.Uluslararası sempozyomu, &nbsp; 11-12 Ocak 2008 – &nbsp;İstanbul</li>
<li>Oral İmplantoloji Pratiğinde Gerçekler, &nbsp;3-4 Mayıs 2008 &nbsp;– &nbsp;İstanbul</li>
<li>Türk Periodontoloji Derneği 38. Bilimsel Kongresi, 22-24 Mayıs 2008 &nbsp;– &nbsp;İstanbul</li>
<li>&nbsp;Masters Course in GBR and Sinus grafting Procedures, 25 Haziran 2008 &nbsp;– &nbsp;Bern</li>
<li>Europerio 6 Conference, &nbsp;4-6 Haziran 2009 &nbsp;– &nbsp;Stockholm</li>
<li>XXI. Uluslararası Bilimsel Kongresi, 15-16 Ocak 2010 &nbsp; – &nbsp;İstanbul</li>
<li>ITI&nbsp; World Symposium, 17 Nisan 2010 &nbsp;– &nbsp;İsviçre</li>
<li>Temel Yaşam Desteği Uygulama Kursu,&nbsp;24-26 Haziran 2010 &nbsp;– &nbsp;Bursa</li>
<li>TDB 17.Uluslararası Diş Hekimliği Kongresi, &nbsp;24-26 Haziran 2010 &nbsp;– &nbsp;Bursa</li>
<li>19. Annual Meeting of the European Association for&nbsp;&nbsp; Osseointegration, &nbsp;6-9 Ekim 2010 &nbsp;– &nbsp;Glasgow</li>
<li>Türk Periodontoloji 41. Bilimsel Kongresi, &nbsp;20-22 Mayıs 2011 &nbsp;– &nbsp;İstanbul</li>
<li>Accuracy in Implant Dentistry Challenging of Conservative Approach, &nbsp;21-22 Mayıs 2011 &nbsp; – &nbsp; İstanbul</li>
<li>&nbsp;Microsurgical Training, &nbsp;17-19 Kasım 2011 &nbsp; – &nbsp; Hürzeler &amp; Zuhr, Münih(Almanya)</li>
<li>Europerio 7 Conference, &nbsp;6-9 Haziran 2012 &nbsp; – &nbsp; Viyana</li>
<li>Diabetes and Oral Health Congress,&nbsp;12 Ekim 2012 &nbsp; – &nbsp;&nbsp;Genevre</li>
<li>Gingival Recession and Non-Carious Cervical Lessions &nbsp;Integrated Periodantal&nbsp; Restorative &nbsp;Management, &nbsp;8 Aralık 2012 – Atina</li>
<li>İmplant Cerrahisinde Uygulanabilirlik – güncel kanıtlarla yine yeniden, &nbsp;12-13 Nisan 2013 &nbsp;– &nbsp;Ankara</li>
<li>1.Regenaration and Esthetics in Periodontology and Dentistry, &nbsp;8-9 Kasım 2013 &nbsp;– &nbsp;Bern</li>
<li>The Turkish Society of Periodontology, &nbsp;9 Mayıs 2014 – &nbsp;İstanbul</li>
<li>İstanbul&nbsp; Laser Congress, 6-7 Kasım 2014 &nbsp;– &nbsp;İstanbul</li>
<li>Türk Oral İmplantoloji Derneği 16.Uluslararası, 16-17 Ocak 2015 &nbsp;– &nbsp;İstanbul</li>
<li>Periodontology 3 – Plastic Esthetic Periodontal Surgery, &nbsp;16-18 Nisan 2015 &nbsp;– &nbsp;Hürzeler &amp; Zuhr, Münih(Almanya)</li>
<li>Europerio 8&nbsp; Conference, &nbsp;3-6 Haziran 2015 &nbsp;– &nbsp;Londra</li>
<li>Preproothetic&nbsp; Periodontal&nbsp; Surgery, &nbsp;3-5 Aralık&nbsp;&nbsp; 2015 &nbsp; – &nbsp;Hürzeler &amp; Zuhr, &nbsp;Münih(Almanya)</li>
<li>Implantology 1 – Modern Implant Therapy in Daily&nbsp; Practice, 14-16 Ocak 2016 &nbsp; – Hürzeler &amp; Zuhr, &nbsp;Münih(Almanya)</li>
<li>Enhanced Natural Healing in Dentistry, &nbsp;14-16 Ekim 2016 – &nbsp;Belçika</li>
<li>2.Regenaration and Esthetics in Periodontology and Dentistry, &nbsp;18-19 Kasım 2016 &nbsp;– &nbsp;Bern</li>
<li>ITI Türkiye &amp; Azerbaycan Bölüm Toplantısı, &nbsp;30 Kasım – 2 Aralık 2016 &nbsp;– &nbsp;Antalya</li>
<li>Türk Oral İmplantoloji Derneği XXVIII. Uluslararası Bilimsel Kongresi, &nbsp;13 – 14 Ocak 2017 &nbsp;– &nbsp;İstanbul</li>
<li>The 16 th International Biennial Congress of the International Academy of &nbsp;Periodontology (IAP) 27 – 29.04.2017 – Brasov, Romania</li>
<li>2.&nbsp;International Symposium, Soft Tissue Management Around Teeth Oral Implants 9 – 10 Şubat 2018,&nbsp; Milano</li>
<li>EuroPerio9 from June 20 – 23, 2018 RAI Amsterdam, The Netherlands</li>
<li>EAO Diploma Programme Live Module 1, Malmö University &#8211; Sweden 9 &#8211; 11 November 2018</li>
<li>EAO Diploma Programme in University of Groningen Live Module 2 &#8211; Netherlands 10 &#8211; 12 May 2019</li>
</ul>
<p>
</div></div></div></div></div></div></div></div></section></p>
