{"id":2339,"date":"2013-07-24T02:17:15","date_gmt":"2013-07-23T23:17:15","guid":{"rendered":"https:\/\/dentplus.com.tr\/V2\/?page_id=2339"},"modified":"2018-10-30T11:06:54","modified_gmt":"2018-10-30T08:06:54","slug":"implant","status":"publish","type":"page","link":"https:\/\/dentplus.com.tr\/V2\/implant\/","title":{"rendered":"\u0130mplant"},"content":{"rendered":"<p><section id=\"bt_section69ec2d766ddf2\"  class=\"boldSection topSemiSpaced btDarkSkin gutter inherit wBackground cover btAccentColorBackground\" style=\"background-image:url('https:\/\/dentplus.com.tr\/V2\/wp-content\/uploads\/bllurred-background.jpg');\"><div class=\"port\"><div class=\"boldCell\"><div class=\"boldCellInner\"><div class=\"boldRow  \" ><div class=\"boldRowInner\"><div class=\"rowItem col-md-9 col-ms-12  btTextLeft animate animate-fadein animate-moveleft inherit\"  ><div class=\"rowItemContent\" ><div class=\"btClear btSeparator topExtraSpaced bottomSmallSpaced noBorder\" ><hr><\/div><header class=\"header btClear extralarge btDash topDash  btNormalDash\" ><div class=\"btSuperTitle\">Tedavi Se\u00e7enekleri<\/div><div class=\"dash\"><h1><span class=\"headline\">\u0130MPLANTOLOJ\u0130<\/span><\/h1><\/div><\/header><div class=\"btClear btSeparator topSpaced noBorder\" ><hr><\/div><\/div><\/div><div class=\"rowItem col-md-3 col-sm-6 col-ms-12 btTextLeft\"  ><div class=\"rowItemContent\" ><\/div><\/div><\/div><\/div><\/div><\/div><\/div><\/section><section id=\"bt_section69ec2d766e0ca\"  class=\"boldSection gutter inherit\" style=\"margin-top: -6px;\"><div class=\"port\"><div class=\"boldCell\"><div class=\"boldCellInner\"><div class=\"boldRow  \" ><div class=\"boldRowInner\"><div class=\"rowItem col-md-3 col-sm-6 col-ms-12 btTextLeft inherit\" style=\"background-color: rgba(0, 179, 204, 1);\" ><div class=\"rowItemContent\" ><div class=\"btClear btSeparator topExtraSmallSpaced noBorder\" ><hr><\/div><\/div><\/div><div class=\"rowItem col-md-3 col-sm-6 col-ms-12 btTextLeft inherit\" style=\"background-color: rgba(0, 161, 190, 1);\" ><div class=\"rowItemContent\" ><div class=\"btClear btSeparator topExtraSmallSpaced noBorder\" ><hr><\/div><\/div><\/div><div class=\"rowItem col-md-3 col-sm-6 col-ms-12 btTextLeft inherit\" style=\"background-color: rgba(0, 135, 170, 1);\" ><div class=\"rowItemContent\" ><div class=\"btClear btSeparator topExtraSmallSpaced noBorder\" ><hr><\/div><\/div><\/div><div class=\"rowItem col-md-3 col-sm-6 col-ms-12 btTextLeft inherit\" style=\"background-color: rgba(0, 109, 149, 1);\" ><div class=\"rowItemContent\" ><div class=\"btClear btSeparator topExtraSmallSpaced noBorder\" ><hr><\/div><\/div><\/div><\/div><\/div><\/div><\/div><\/div><\/section><section id=\"services\" data-parallax=\"0\" data-parallax-offset=\"0\" class=\"boldSection topSpaced bottomSemiSpaced gutter inherit btParallax\" ><div class=\"port\"><div class=\"boldCell\"><div class=\"boldCellInner\"><div class=\"boldRow  \" ><div class=\"boldRowInner\"><div class=\"rowItem col-md-4 col-ms-12 btTextLeft\"  ><div class=\"rowItemContent\" ><div class=\"bpgPhoto btTextCenter\" ><div class=\"btImage\"><img decoding=\"async\" src=\"https:\/\/dentplus.com.tr\/V2\/wp-content\/uploads\/implant-2-320x200.png\" alt=\"\" title=\"\"><\/div><\/div><\/div><\/div><div class=\"rowItem col-md-8 col-ms-12 btTextLeft\"  ><div class=\"rowItemContent\" ><\/p>\n<p><strong style=\"text-align: justify;\">Tek Di\u015f Eksikli\u011finde<\/strong><\/p>\n<div class=\"sixteen columns\">\n<p style=\"text-align: justify;\">Bu durumlarda, eksik di\u015fin yerinin doldurulmas\u0131 i\u00e7in, bo\u015flu\u011fun iki yan\u0131nda ki di\u015fin k\u00fc\u00e7\u00fclt\u00fclmesi gerekmektedir. \u0130mplant alternatifi sa\u011fl\u0131kl\u0131 di\u015flere dokunmadan hastaya estetik, fonksiyon kazand\u0131rabilir.<\/p>\n<p style=\"text-align: justify;\"><strong>T\u00fcm Di\u015flerin Eksikli\u011finde<\/strong><\/p>\n<p style=\"text-align: justify;\">T\u00fcm di\u015flerin eksikli\u011finde yap\u0131lacak protez total dedi\u011fimiz, tak\u0131p \u00e7\u0131kar\u0131lan protez olmaktad\u0131r. Bu protez tipi de \u00f6zellikle alt \u00e7enede yeterli kemik bulunmayan hastalarda, yemek yeme ve konu\u015fma s\u0131ras\u0131nda zorluk yaratmaktad\u0131r.<br \/>\nBu durum; hastada fiziksel ve psikolojik sorunlar do\u011furmaktad\u0131r. Bu durumu \u00e7\u00f6zmek i\u00e7in, implantla desteklenen \u00e7e\u015fitli protez alternatifleri d\u00fc\u015f\u00fcn\u00fclebilir, hatta sabit protez bile kulland\u0131r\u0131labilir.<\/p>\n<\/div>\n<p><\/div><\/div><\/div><\/div><div class=\"boldRow  \" ><div class=\"boldRowInner\"><\/div><\/div><div class=\"boldRow  \" ><div class=\"boldRowInner\"><div class=\"rowItem col-md-12 col-ms-12  btTextCenter animate animate-fadein btTextIndent inherit\"  ><div class=\"rowItemContent\" ><div class=\"btClear btSeparator topSemiSpaced noBorder\" ><hr><\/div><\/div><\/div><\/div><\/div><\/div><\/div><\/div><\/section><section id=\"bt_section69ec2d76730c8\"  class=\"boldSection topSemiSpaced bottomSemiSpaced btDarkSkin gutter inherit btAccentColorBackground\" style=\"margin-top: -6px;\"><div class=\"port\"><div class=\"boldCell\"><div class=\"boldCellInner\"><div class=\"boldRow  \" ><div class=\"boldRowInner\"><div class=\"rowItem col-md-8 col-ms-12 btTextLeft animate animate-fadein animate-moveup btMiddleVertical\"  ><div class=\"rowItemContent\" ><header class=\"header btClear medium  btAccentDash\" ><div class=\"dash\"><h3><span class=\"headline\">B\u0130ZE ULA\u015eMAK VE RANDEVU ALMAK \u0130\u00c7\u0130N \u0130LET\u0130\u015e\u0130M GE\u00c7\u0130N<\/span><\/h3><\/div><\/header><\/div><\/div><div class=\"rowItem col-md-4 col-ms-12 btTextLeft animate animate-fadein animate-moveup btMiddleVertical\"  ><div class=\"rowItemContent\" ><a href=\"https:\/\/dentplus.com.tr\/V2\/implant\/\" class=\"btBtn btBtn btnFilledStyle btnNormalColor btnSmall btnNormalWidth btnRightPosition btnNoIcon\" ><span class=\"btnInnerText\">Randevu Al<\/span><\/a><\/div><\/div><\/div><\/div><\/div><\/div><\/div><\/section><\/p>\n","protected":false},"excerpt":{"rendered":"","protected":false},"author":1,"featured_media":0,"parent":0,"menu_order":0,"comment_status":"closed","ping_status":"closed","template":"","meta":{"ngg_post_thumbnail":0,"footnotes":""},"class_list":["post-2339","page","type-page","status-publish","hentry"],"_links":{"self":[{"href":"https:\/\/dentplus.com.tr\/V2\/wp-json\/wp\/v2\/pages\/2339","targetHints":{"allow":["GET"]}}],"collection":[{"href":"https:\/\/dentplus.com.tr\/V2\/wp-json\/wp\/v2\/pages"}],"about":[{"href":"https:\/\/dentplus.com.tr\/V2\/wp-json\/wp\/v2\/types\/page"}],"author":[{"embeddable":true,"href":"https:\/\/dentplus.com.tr\/V2\/wp-json\/wp\/v2\/users\/1"}],"replies":[{"embeddable":true,"href":"https:\/\/dentplus.com.tr\/V2\/wp-json\/wp\/v2\/comments?post=2339"}],"version-history":[{"count":7,"href":"https:\/\/dentplus.com.tr\/V2\/wp-json\/wp\/v2\/pages\/2339\/revisions"}],"predecessor-version":[{"id":4170,"href":"https:\/\/dentplus.com.tr\/V2\/wp-json\/wp\/v2\/pages\/2339\/revisions\/4170"}],"wp:attachment":[{"href":"https:\/\/dentplus.com.tr\/V2\/wp-json\/wp\/v2\/media?parent=2339"}],"curies":[{"name":"wp","href":"https:\/\/api.w.org\/{rel}","templated":true}]}}