{"id":2337,"date":"2013-07-24T02:16:28","date_gmt":"2013-07-23T23:16:28","guid":{"rendered":"https:\/\/dentplus.com.tr\/V2\/?page_id=2337"},"modified":"2025-11-09T11:28:14","modified_gmt":"2025-11-09T08:28:14","slug":"dis-eti-hastaliklari","status":"publish","type":"page","link":"https:\/\/dentplus.com.tr\/V2\/dis-eti-hastaliklari\/","title":{"rendered":"Di\u015f Eti Hastal\u0131klar\u0131"},"content":{"rendered":"<p><section id=\"bt_section69f5ccc5c8336\"  class=\"boldSection topSemiSpaced btDarkSkin gutter inherit wBackground cover btAccentColorBackground\" style=\"background-image:url('https:\/\/dentplus.com.tr\/V2\/wp-content\/uploads\/bllurred-background.jpg');\"><div class=\"port\"><div class=\"boldCell\"><div class=\"boldCellInner\"><div class=\"boldRow  \" ><div class=\"boldRowInner\"><div class=\"rowItem col-md-9 col-ms-12  btTextLeft animate animate-fadein animate-moveleft inherit\"  ><div class=\"rowItemContent\" ><div class=\"btClear btSeparator topExtraSpaced bottomSmallSpaced noBorder\" ><hr><\/div><header class=\"header btClear extralarge btDash topDash  btNormalDash\" ><div class=\"btSuperTitle\">Tedavi Se\u00e7enekleri<\/div><div class=\"dash\"><h1><span class=\"headline\">D\u0130\u015e ET\u0130 HASTALIKLARI<\/span><\/h1><\/div><\/header><div class=\"btClear btSeparator topSpaced noBorder\" ><hr><\/div><\/div><\/div><div class=\"rowItem col-md-3 col-sm-6 col-ms-12 btTextLeft\"  ><div class=\"rowItemContent\" ><\/div><\/div><\/div><\/div><\/div><\/div><\/div><\/section><section id=\"bt_section69f5ccc5c8637\"  class=\"boldSection gutter inherit\" style=\"margin-top: -6px;\"><div class=\"port\"><div class=\"boldCell\"><div class=\"boldCellInner\"><div class=\"boldRow  \" ><div class=\"boldRowInner\"><div class=\"rowItem col-md-3 col-sm-6 col-ms-12 btTextLeft inherit\" style=\"background-color: rgba(0, 179, 204, 1);\" ><div class=\"rowItemContent\" ><div class=\"btClear btSeparator topExtraSmallSpaced noBorder\" ><hr><\/div><\/div><\/div><div class=\"rowItem col-md-3 col-sm-6 col-ms-12 btTextLeft inherit\" style=\"background-color: rgba(0, 161, 190, 1);\" ><div class=\"rowItemContent\" ><div class=\"btClear btSeparator topExtraSmallSpaced noBorder\" ><hr><\/div><\/div><\/div><div class=\"rowItem col-md-3 col-sm-6 col-ms-12 btTextLeft inherit\" style=\"background-color: rgba(0, 135, 170, 1);\" ><div class=\"rowItemContent\" ><div class=\"btClear btSeparator topExtraSmallSpaced noBorder\" ><hr><\/div><\/div><\/div><div class=\"rowItem col-md-3 col-sm-6 col-ms-12 btTextLeft inherit\" style=\"background-color: rgba(0, 109, 149, 1);\" ><div class=\"rowItemContent\" ><div class=\"btClear btSeparator topExtraSmallSpaced noBorder\" ><hr><\/div><\/div><\/div><\/div><\/div><\/div><\/div><\/div><\/section><section id=\"services\" data-parallax=\"0\" data-parallax-offset=\"0\" class=\"boldSection topSpaced bottomSemiSpaced gutter inherit btParallax\" ><div class=\"port\"><div class=\"boldCell\"><div class=\"boldCellInner\"><div class=\"boldRow  \" ><div class=\"boldRowInner\"><div class=\"rowItem col-md-4 col-ms-12 btTextLeft\"  ><div class=\"rowItemContent\" ><div class=\"bpgPhoto btTextCenter\" ><div class=\"btImage\"><img decoding=\"async\" src=\"https:\/\/dentplus.com.tr\/V2\/wp-content\/uploads\/8-1-320x322.jpg\" alt=\"\" title=\"\"><\/div><\/div><\/div><\/div><div class=\"rowItem col-md-8 col-ms-12 btTextLeft\"  ><div class=\"rowItemContent\" ><div class=\"btText\" ><\/p>\n<p style=\"text-align: justify;\"><strong>Sa\u011fl\u0131kl\u0131 bir di\u015f eti nas\u0131l olmal\u0131d\u0131r ?<\/strong><\/p>\n<p style=\"text-align: justify;\">Sa\u011fl\u0131kl\u0131 bir di\u015f eti, \u00e7o\u011funlukla a\u00e7\u0131k pembe renkli, sert k\u0131vaml\u0131 mat y\u00fczeyi portakal kabu\u011fu g\u00f6r\u00fcn\u00fcml\u00fc ve b\u0131\u00e7ak s\u0131rt\u0131 gibi sonlanan \u00f6zelliklere sahiptir.<\/p>\n<p style=\"text-align: justify;\"><strong>Hastal\u0131k nas\u0131l te\u015fhis edilir ?<\/strong><\/p>\n<p style=\"text-align: justify;\">Hastal\u0131k di\u015f hekimi taraf\u0131ndan yap\u0131lan klinik ve radyografik muayene ile te\u015fhis edilir.<\/p>\n<p style=\"text-align: justify;\"><strong>Di\u015feti hastal\u0131klar\u0131 nelerdir ?<\/strong><\/p>\n<p style=\"text-align: justify;\">Di\u015feti hastal\u0131klar\u0131 basit bir di\u015feti iltihab\u0131ndan (gingivitis), di\u015flerin k\u00f6klerini saran \u00e7ene kemiklerinin eridi\u011fi ve di\u015flerin kaybedildi\u011fi \u015fiddetli enfeksiyonlara (periodontitis) kadar geni\u015f bir alan\u0131 kapsar.<\/p>\n<p>\n<\/div><\/div><\/div><\/div><\/div><div class=\"boldRow  \" ><div class=\"boldRowInner\"><div class=\"rowItem col-md-12 col-ms-12  btTextLeft\"  ><div class=\"rowItemContent\" ><\/p>\n<p><strong>Periodontal Hastal\u0131\u011f\u0131n A\u011f\u0131z \u0130\u00e7i Belirtileri Nerlerdir ?<\/strong><\/p>\n<div class=\"sixteen columns\">\n<p>\u2022 Di\u015fetleri f\u0131r\u00e7alarken veya spontan bir \u015fekilde kanar,<br \/>\n\u2022 Sa\u011fl\u0131kl\u0131 u\u00e7uk pembe renk k\u0131rm\u0131z\u0131 hatta mor\u2019a do\u011fru renk de\u011fi\u015ftirir,<br \/>\n\u2022 Di\u015fetleri \u015fi\u015fer,<br \/>\n\u2022 A\u011f\u0131z kokusu olu\u015fur,<br \/>\n\u2022 Di\u015fler aras\u0131na g\u0131da s\u0131k\u0131\u015fma hissi olur,<br \/>\n\u2022 Di\u015f ta\u015f\u0131 birikiminde artma olu\u015fur,<br \/>\n\u2022 Di\u015fetlerinde ka\u015f\u0131nma,<br \/>\n\u2022 Di\u015fetlerinde \u00e7ekilme g\u00f6r\u00fcl\u00fcr,<br \/>\n\u2022 Hastal\u0131\u011f\u0131n ilerleyen evrelerinde di\u015flerin k\u00f6klerini saran \u00e7ene kemi\u011fi eridi\u011fi i\u00e7in di\u015flerin aras\u0131 a\u00e7\u0131l\u0131r, boylar\u0131 uzar ve di\u015fler sallanmaya ba\u015flar.<\/p>\n<p style=\"text-align: justify;\">&nbsp;<\/p>\n<\/div>\n<div class=\"acc_item\">\n<h4 class=\"accordion\"><span class=\"acc_heading\">Periodontal Hastal\u0131k Sebepleri<\/span><\/h4>\n<div class=\"accordion_content\">\n<p style=\"text-align: justify;\">Hastal\u0131\u011f\u0131n birinci sebebi, yedi\u011fimiz besinlerin etkili f\u0131r\u00e7alama yap\u0131lmamas\u0131 sonucu di\u015flerin y\u00fczeyleri ve aralar\u0131nda birikmesiyle olu\u015fan mikrobiyal dental plakt\u0131r. Bu plak i\u00e7erisinde bir\u00e7ok \u00e7e\u015fit ve say\u0131da mikroorganizmalar bar\u0131nmaktad\u0131r.Bu mikroorganizmalar\u0131n \u00fcrettikleri zararl\u0131 maddeler di\u015feti hastal\u0131\u011f\u0131na sebep olmaktad\u0131r.<br \/>\nMikrobiyal dental plak ba\u015flang\u0131\u00e7ta yumu\u015fakt\u0131r, di\u015f f\u0131r\u00e7as\u0131 ve di\u015f ipi kullan\u0131m\u0131yla rahatl\u0131kla di\u015fler \u00fczerinde uzakla\u015ft\u0131r\u0131labilir. Ancak plak d\u00fczg\u00fcn temizlenemedi\u011fi takdirde t\u00fckr\u00fck ile birle\u015ferek sertle\u015fir ve di\u015fta\u015f\u0131 olu\u015fur. Di\u015fta\u015f\u0131n\u0131n y\u00fczeyi p\u00fcr\u00fczl\u00fc oldu\u011fu i\u00e7in plak birikimini kolayla\u015ft\u0131r\u0131r, temizlenmesini zorla\u015ft\u0131r\u0131r.Bu nedenle d\u00fczenli aral\u0131klarla di\u015fta\u015flar\u0131 temizlenmelidir ve di\u015fta\u015f\u0131 olu\u015fumuna m\u00fcsaade etmeden plak yumu\u015fak iken d\u00fczg\u00fcn f\u0131r\u00e7a ve ip kullan\u0131m\u0131yla a\u011f\u0131zdan uzakla\u015ft\u0131r\u0131lmal\u0131d\u0131r.<br \/>\nMikrobiyal dental plak, hastal\u0131\u011f\u0131n birinci sebebi olmas\u0131na ra\u011fmen, di\u015feti hastal\u0131\u011f\u0131 multifakt\u00f6riyel bir rahats\u0131zl\u0131kt\u0131r. Sistemik, \u00c7evresel ve Ailesel fakt\u00f6rler hastal\u0131\u011f\u0131n seyirinde risk fakt\u00f6r\u00fc olarak rol oynamaktad\u0131rlar.<\/p>\n<p style=\"text-align: justify;\">&nbsp;<\/p>\n<\/div>\n<\/div>\n<div class=\"acc_item\">\n<h4 class=\"accordion\"><span class=\"acc_heading\">Sistemik Hastal\u0131klar ve Etkileri<\/span><\/h4>\n<div class=\"accordion_content\">\n<p style=\"text-align: justify;\">Di\u015f eti hastal\u0131klar\u0131, kalp ve akci\u011fer hastal\u0131klar\u0131, diyabet ve erken\/d\u00fc\u015f\u00fck do\u011fum a\u011f\u0131rl\u0131kl\u0131 bebek do\u011fumlar\u0131nda risk fakt\u00f6r\u00fc olarak rol oynamaktad\u0131r.<br \/>\nKalp hastal\u0131klar\u0131 ve di\u015f eti hastal\u0131klar\u0131n\u0131n geli\u015fim mekanizmalar\u0131 yap\u0131lan ara\u015ft\u0131rmalara g\u00f6re, benzer \u00f6zellikler ta\u015f\u0131maktad\u0131r. Her ikisi de ileri ya\u015flarda, erkeklerde, sigara i\u00e7en, y\u00fcksek tansiyona sahip, stresli bireylerde ortaya \u00e7\u0131kmaktad\u0131r. Ara\u015ft\u0131rmalar g\u00f6stermektedir ki a\u011f\u0131z enfeksiyonuna sahip bireyler, enfeksiyonun g\u00f6r\u00fclmedi\u011fi bireylere nazaran %30 daha fazla kalp krizine yakalanmaktad\u0131r.<br \/>\nDi\u015f eti hastal\u0131\u011f\u0131na neden olan mikroorganizmalar ve salg\u0131lad\u0131klar\u0131 zararl\u0131 maddeler, diyabette \u00f6nemli rol oynarlar. Kontrol alt\u0131nda olmayan diyabet hastalar\u0131nda ayn\u0131 a\u011f\u0131z hijyen seviyesine sahip kontroll\u00fc diyabet hastalar\u0131na g\u00f6re daha fazla di\u015f eti hastal\u0131\u011f\u0131 geli\u015fti\u011fi bilimsel \u00e7al\u0131\u015fmalarla kan\u0131tlanm\u0131\u015ft\u0131r.&lt;\/p&gt;<br \/>\nDi\u015f eti hastal\u0131\u011f\u0131n\u0131n geli\u015fiminde etkili olan mikroorganizmalar\u0131n solunmas\u0131 veya bu mikroorganizmalar\u0131n solunum yollar\u0131nda toplanmas\u0131 akci\u011fer hastal\u0131klar\u0131n\u0131n geli\u015fmesine yol a\u00e7ar.<br \/>\nAyn\u0131 \u015fekilde di\u015f eti hastal\u0131\u011f\u0131n\u0131n geli\u015fiminde rol alan mikroorganizmalar hamile bayanlarda fetus i\u00e7in erken do\u011fum riski ve d\u00fc\u015f\u00fck do\u011fum a\u011f\u0131rl\u0131kl\u0131 bebek d\u00fcnyaya getirme riski olu\u015fturmaktad\u0131r.<\/p>\n<p><strong>Di\u015f eti hastal\u0131klar\u0131 ile ila\u00e7 kullan\u0131m\u0131 aras\u0131ndaki ili\u015fki nas\u0131ld\u0131r ?<\/strong><\/p>\n<p style=\"text-align: justify;\">Epilepsi tedavisinde, hipertansiyon tedavisinde ve organ naklinden sonra immun sistemi bask\u0131lamak i\u00e7in kullan\u0131lan baz\u0131 ila\u00e7lar di\u015fetlerinde b\u00fcy\u00fcme ile sonu\u00e7lanmaktad\u0131r.<\/p>\n<p style=\"text-align: justify;\">&nbsp;<\/p>\n<\/div>\n<\/div>\n<div class=\"acc_item\">\n<h4 class=\"accordion\"><span class=\"acc_heading\">Periodontal Hastal\u0131\u011f\u0131n \u00d6nlenmesi<\/span><\/h4>\n<div class=\"accordion_content\">\n<p style=\"text-align: justify;\">Hastal\u0131\u011f\u0131n tedavisi di\u015flerin etraf\u0131n\u0131 \u00e7evreleyen yumu\u015fak (di\u015f eti) ve sert dokular\u0131n (kemik) ve bu dokulara ait y\u0131k\u0131mlar\u0131n d\u00fczeltilmesini ama\u00e7lar. Tedavinin birinci a\u015famas\u0131nda halk aras\u0131nda di\u015f ta\u015f\u0131 temizli\u011fi denilen, hastal\u0131\u011f\u0131n etkeni olan mikrobiyal dental pla\u011f\u0131n ve di\u015f ta\u015flar\u0131n\u0131n uzakla\u015ft\u0131r\u0131lmas\u0131 ve a\u011f\u0131z hijyen e\u011fitiminin (d\u00fczenli f\u0131r\u00e7a kullan\u0131m\u0131, ip\/aray\u00fcz f\u0131r\u00e7a kullan\u0131m\u0131) verilmesi sa\u011flan\u0131r. Ba\u015flang\u0131\u00e7 periodontal tedavi denilen bu y\u00f6ntem basit di\u015f eti iltihaplar\u0131nda, tek ba\u015f\u0131na tedavi y\u00f6ntemi olabildi\u011fi gibi, hastal\u0131\u011f\u0131n ilerlemi\u015f evrelerinde periodontal operasyona haz\u0131rl\u0131k amac\u0131yla kullan\u0131l\u0131r.<br \/>\nPeriodontal operasyon; hastal\u0131\u011f\u0131n \u015fiddetine ve tipine g\u00f6re farkl\u0131l\u0131k g\u00f6stermektedir.Hastal\u0131\u011f\u0131n sadece di\u015f eti ile s\u0131n\u0131rl\u0131 oldu\u011fu vak\u0131alarda di\u015f eti cebini elimine etmek ama\u00e7 olurken \u00e7ene kemi\u011finin de etkilendi\u011fi vak\u0131alarda cep eliminasyonuna ilave kemi\u011fi de tedavi etmek ama\u00e7lan\u0131r, kemik d\u00fczeltilir ve gerekli durumlarda kemik tozu, membran gibi biyomateryaller kullan\u0131l\u0131r.<br \/>\nOperasyon lokal anestezi ile ba\u015flar ve di\u015f etlerinin kald\u0131r\u0131lmas\u0131yla devam eder, di\u015f etleri kald\u0131r\u0131ld\u0131ktan sonra iltihabi dokular temizlenir, kemik d\u00fczeltilir, kemik tozu uygulan\u0131r ve diki\u015f at\u0131l\u0131r ve doku iyile\u015fmeye b\u0131rak\u0131l\u0131r. Diki\u015fler tedavinin farkl\u0131l\u0131\u011f\u0131na g\u00f6re 7- 14 g\u00fcn i\u00e7inde al\u0131n\u0131r. \u0130lk 2 y\u0131l y\u0131lda 4 kez sonra ki y\u0131llarda y\u0131lda 2 kez hasta kontrole \u00e7a\u011fr\u0131l\u0131r. Gerekli g\u00f6r\u00fcld\u00fc\u011f\u00fc takdirde hekim kontrol say\u0131s\u0131n\u0131 artt\u0131rmaktad\u0131r.<\/p>\n<p style=\"text-align: justify;\">&nbsp;<\/p>\n<\/div>\n<\/div>\n<div class=\"acc_item\">\n<h4 class=\"accordion\"><span class=\"acc_heading\">S\u0131k\u00e7a Sorulan Sorular<\/span><\/h4>\n<div class=\"accordion_content\">\n<p style=\"text-align: justify;\"><strong>Di\u015f ta\u015f\u0131 temizli\u011fini ne s\u0131kl\u0131kta yapt\u0131rmak gerekir ?&nbsp;<\/strong><\/p>\n<p>E\u011fer; \u00e7ok iyi a\u011f\u0131z bak\u0131m\u0131 yap\u0131l\u0131rsa di\u015f ta\u015f\u0131 temizli\u011fi yap\u0131lmas\u0131na gerek kalmaz. Ancak y\u0131lda en az 2 kez her 6 ayda bir d\u00fczenli olarak di\u015f hekimine gitmekte yarar vard\u0131r. Bu kontroller esnas\u0131nda gerekli g\u00f6r\u00fcl\u00fcrse di\u015f ta\u015f\u0131 temizli\u011fi yap\u0131labilir.<\/p>\n<p><strong>Di\u015f eti operasyonu veya Flap operasyonu (A\u00e7\u0131k k\u00fcretaj) sonras\u0131nda neler olabilir ?&nbsp;<\/strong><\/p>\n<p>\u0130lk g\u00fcn kanama, &nbsp;a\u011fr\u0131 ve operasyon b\u00f6lgesinde \u015fi\u015fme g\u00f6r\u00fclebilir. \u0130lk 3-4 haftal\u0131k d\u00f6nemde di\u015f hassasiyeti ortaya \u00e7\u0131kabilir. \u0130la\u00e7, buz tedavisi ve \u00e7ok iyi bir a\u011f\u0131z bak\u0131m\u0131 ile operasyon sonras\u0131 d\u00f6nemin rahat bir \u015fekilde sonland\u0131r\u0131lmas\u0131 ama\u00e7lan\u0131r.<\/p>\n<p><strong>Di\u015f eti g\u00fcl\u00fcmsemesi (Gummy smile) nedir ?&nbsp;<\/strong><\/p>\n<p style=\"text-align: justify;\">G\u00fcl\u00fcmseme; esnas\u0131nda di\u015f etleri dudaklar ile uyumlu bir \u015fekilde az miktarda g\u00f6r\u00fcl\u00fcr. Di\u015fetlerinin \u00e7ok fazla g\u00f6r\u00fcnd\u00fc\u011f\u00fc durumlar di\u015feti g\u00fcl\u00fcmsemesi olarak adland\u0131r\u0131l\u0131r.<\/p>\n<p><strong>Di\u015feti g\u00fcl\u00fcmsemesinin (Gummy smile) tedavisi var m\u0131d\u0131r ?&nbsp;<\/strong><\/p>\n<p>Evet, vard\u0131r. Kozmetik di\u015feti d\u00fczenlemesi i\u015flemi ile di\u015f etinin fazla g\u00f6r\u00fcnd\u00fc\u011f\u00fc b\u00f6l\u00fcmler ortadan kald\u0131r\u0131l\u0131r. Di\u015fetlerine yeni bir \u015fekil verilir. B\u00f6ylece di\u015f ve di\u015fetlerinin dengeli bir \u015fekilde g\u00f6z\u00fckt\u00fc\u011f\u00fc daha g\u00fczel bir g\u00fcl\u00fcmsemeye sahip olunabilir.<\/p>\n<p><strong>Di\u015f eti hastal\u0131klar\u0131 tedavi sonras\u0131nda tekrarlar m\u0131 ?&nbsp;<\/strong><\/p>\n<p>Evet; tekrarlayabilir. E\u011fer, k\u00f6t\u00fc a\u011f\u0131z bak\u0131m\u0131 ile kontrols\u00fcz uzun zamanlar ge\u00e7irilirse periodontal hastal\u0131k tekrarlar. Periodontal tedavi sonras\u0131nda a\u011f\u0131z bak\u0131m\u0131n\u0131n iyi olmas\u0131 \u00e7ok \u00f6nemlidir. Ayr\u0131ca d\u00fczenli kontrollerin aksat\u0131lmamas\u0131 gerekmektedir.&nbsp;\u00c7ok iyi a\u011f\u0131z bak\u0131m\u0131 ve aksat\u0131lmayan d\u00fczenli kontroller sonras\u0131nda ise di\u015feti hastal\u0131\u011f\u0131 tekrarlamaz. &lt;\/p&gt;<\/p>\n<p style=\"text-align: justify;\"><strong>Di\u015feti hastal\u0131\u011f\u0131n\u0131n tekrarlamamas\u0131 i\u00e7in ne yap\u0131lmas\u0131 gerekir ?<\/strong><\/p>\n<p style=\"text-align: justify;\">A\u011f\u0131z bak\u0131m\u0131 \u00e7ok iyi olmal\u0131d\u0131r. Di\u015fler d\u00fczenli ve etkili bir \u015fekilde f\u0131r\u00e7alanmal\u0131d\u0131r. Di\u015f f\u0131r\u00e7alaman\u0131n yan\u0131s\u0131ra di\u015fipi, ara y\u00fcz temizleyici f\u0131r\u00e7alar veya a\u011f\u0131z du\u015fu ile yap\u0131lacak ara y\u00fcz temizli\u011fi de \u00e7ok \u00f6nemlidir. Ayr\u0131ca genellikle 3-6 ay aral\u0131klarla yap\u0131lan d\u00fczenli kontrollerin aksat\u0131lmamas\u0131 gerekir.<\/p>\n<p><strong>Di\u015f f\u0131r\u00e7as\u0131 ne zaman de\u011fi\u015ftirilmelidir ?<\/strong><\/p>\n<p>Genelde 3-4 ay kullan\u0131labilir. Di\u015f f\u0131r\u00e7as\u0131n\u0131n bozuldu\u011funu k\u0131l demetlerinin birbirinden ayr\u0131lmas\u0131ndan, da\u011f\u0131lmas\u0131ndan ve e\u011filmesinden anlayabilirsiniz. Sert k\u0131ll\u0131 f\u0131r\u00e7alar di\u015flerinize zarar verebilir. \u00c7ocuklar ise hen\u00fcz do\u011fru f\u0131r\u00e7alamay\u0131 tam olarak uygulayamad\u0131klar\u0131ndan daha \u00e7abuk f\u0131r\u00e7a eskitirler.<\/p>\n<p><strong>Uygun bir teknik kullan\u0131lmazsa di\u015fler zarar g\u00f6r\u00fcr m\u00fc ?<\/strong><\/p>\n<p>Evet\u2026 Di\u015fler \u00e7ok sert bir tabaka olan mine ile kapl\u0131 olmas\u0131na ra\u011fmen sadece yanl\u0131\u015f bir teknikle uygulayaca\u011f\u0131n\u0131z bir f\u0131r\u00e7adan bile b\u00fcy\u00fck zarar g\u00f6rebilir. Hem di\u015fin \u00fcst k\u0131sm\u0131nda, hem de k\u00f6k\u00fc kaplayan tabakada a\u015f\u0131nmalara, di\u015f etlerinde de \u00e7ekilmelere yol a\u00e7abilir. Bu durumda di\u015fler \u00e7\u00fcr\u00fc\u011fe daha yatk\u0131n hale gelir. Di\u015fleri a\u015f\u0131nd\u0131racak kadar b\u00fcy\u00fck bir kuvvetle di\u015f f\u0131r\u00e7alamaktan ka\u00e7\u0131n\u0131lmal\u0131 ve yumu\u015fak hareketlerle f\u0131r\u00e7a oynat\u0131lmal\u0131d\u0131r.<\/p>\n<p><strong>Implantlar i\u00e7in garanti verilebilir mi ?<\/strong><\/p>\n<p>Yap\u0131lan bilimsel \u00e7al\u0131\u015fmalarda implant ba\u015far\u0131s\u0131n\u0131n %90-100 aras\u0131nda de\u011fi\u015fti\u011fi g\u00f6sterilmi\u015ftir. Ancak her t\u00fcr t\u0131bbi m\u00fcdahalede oldu\u011fu gibi implantlar i\u00e7in de garanti vermek m\u00fcmk\u00fcn de\u011fildir.<\/p>\n<p><strong>Operasyondan Sonra Neler Yiyebilirim ?<\/strong><\/p>\n<p>Yumu\u015fak besinler ve s\u0131v\u0131 g\u0131dalarla beslenmeniz gerekebilir. Bu konuda gerekli uyar\u0131lar di\u015f hekiminiz yapacakt\u0131r.<\/p>\n<p><strong>Sadece Di\u015f F\u0131r\u00e7alamak Yeterli midir ?<\/strong><\/p>\n<p>Do\u011fru bir teknik, f\u0131r\u00e7a, macun ile yap\u0131lan ve olmas\u0131 gerekti\u011fi gibi 2\u20133 dakika s\u00fcren bir f\u0131r\u00e7alamada bile di\u015flerinizin birbiriyle kontakta oldu\u011fu y\u00fczeyler tam olarak temizlenemez. \u00c7o\u011fu zaman \u00e7\u00fcr\u00fcklerin ba\u015flang\u0131\u00e7 noktas\u0131 da bu ula\u015f\u0131lmas\u0131 zor, kapal\u0131 alanlard\u0131r. Sa\u011fl\u0131kl\u0131 bir temizleme i\u00e7in mutlaka f\u0131r\u00e7alamadan sonra (en az g\u00fcnde 1 kere) di\u015f ipi ve\/veya araf\u0131r\u00e7a kullanmas\u0131 gerekir. Her \u00f6\u011f\u00fcn sonras\u0131nda di\u015f ipini di\u015flerinizin aras\u0131nda kayd\u0131rarak yemek art\u0131klar\u0131n\u0131n \u00e7\u0131kmas\u0131n\u0131 sa\u011flay\u0131n.<\/p>\n<p style=\"text-align: justify;\"><strong>Sigara Kullan\u0131m\u0131n\u0131n Hastal\u0131kla \u0130li\u015fkisi Nedir ?<\/strong><\/p>\n<p>Sigaran\u0131n di\u015f eti hastal\u0131klar\u0131ndaki kemik kayb\u0131n\u0131 artt\u0131rd\u0131\u011f\u0131 bilimsel \u00e7al\u0131\u015fmalarla kan\u0131tlanm\u0131\u015ft\u0131r. Ayn\u0131 \u015fekilde sigara a\u011f\u0131z hijyen seviyesini d\u00fc\u015f\u00fcrerek mikrobiyal dental pla\u011f\u0131n birikimini kolayla\u015ft\u0131rmaktad\u0131r. Di\u015f eti tedavisi sonras\u0131nda da sigara i\u00e7in ki\u015filerde iyile\u015fmenin daha yava\u015f oldu\u011fu klinik olarak g\u00f6zlenmi\u015ftir.<\/p>\n<p><strong>Ailesel Fakt\u00f6rler Di\u015feti Hastal\u0131\u011f\u0131n\u0131 Nas\u0131l Etkilemektedir ?<\/strong><\/p>\n<p style=\"text-align: justify;\">Hastal\u0131\u011f\u0131n baz\u0131 t\u00fcrlerinde hastal\u0131\u011f\u0131n genetik ge\u00e7i\u015fi oldu\u011fu bilinmektedir. Ayn\u0131 \u015fekilde birinci neden olmamakla birlikte baz\u0131 ki\u015filerin bu hastal\u0131\u011fa yakalanma riskinin genetik olarak daha y\u00fcksek oldu\u011fu d\u00fc\u015f\u00fcn\u00fclmektedir.<\/p>\n<\/div>\n<\/div>\n<p><\/div><\/div><\/div><\/div><div class=\"boldRow  \" ><div class=\"boldRowInner\"><div class=\"rowItem col-md-12 col-ms-12  btTextCenter animate animate-fadein btTextIndent inherit\"  ><div class=\"rowItemContent\" ><div class=\"btClear btSeparator topSemiSpaced noBorder\" ><hr><\/div><\/div><\/div><\/div><\/div><\/div><\/div><\/div><\/section><section id=\"bt_section69f5ccc5c9306\"  class=\"boldSection topSemiSpaced bottomSemiSpaced btDarkSkin gutter inherit btAccentColorBackground\" style=\"margin-top: -6px;\"><div class=\"port\"><div class=\"boldCell\"><div class=\"boldCellInner\"><div class=\"boldRow  \" ><div class=\"boldRowInner\"><div class=\"rowItem col-md-8 col-ms-12 btTextLeft animate animate-fadein animate-moveup btMiddleVertical\"  ><div class=\"rowItemContent\" ><header class=\"header btClear medium  btAccentDash\" ><div class=\"dash\"><h3><span class=\"headline\">B\u0130ZE ULA\u015eMAK VE RANDEVU ALMAK \u0130\u00c7\u0130N \u0130LET\u0130\u015e\u0130M GE\u00c7\u0130N<\/span><\/h3><\/div><\/header><\/div><\/div><div class=\"rowItem col-md-4 col-ms-12 btTextLeft animate animate-fadein animate-moveup btMiddleVertical\"  ><div class=\"rowItemContent\" ><a href=\"https:\/\/dentplus.com.tr\/V2\/online-randevu\/\" class=\"btBtn btBtn btnFilledStyle btnNormalColor btnSmall btnNormalWidth btnRightPosition btnNoIcon\" ><span class=\"btnInnerText\">ONLINE APPOINTMENT<\/span><\/a><\/div><\/div><\/div><\/div><\/div><\/div><\/div><\/section><\/p>\n","protected":false},"excerpt":{"rendered":"","protected":false},"author":1,"featured_media":0,"parent":0,"menu_order":0,"comment_status":"closed","ping_status":"closed","template":"","meta":{"ngg_post_thumbnail":0,"footnotes":""},"class_list":["post-2337","page","type-page","status-publish","hentry"],"_links":{"self":[{"href":"https:\/\/dentplus.com.tr\/V2\/wp-json\/wp\/v2\/pages\/2337","targetHints":{"allow":["GET"]}}],"collection":[{"href":"https:\/\/dentplus.com.tr\/V2\/wp-json\/wp\/v2\/pages"}],"about":[{"href":"https:\/\/dentplus.com.tr\/V2\/wp-json\/wp\/v2\/types\/page"}],"author":[{"embeddable":true,"href":"https:\/\/dentplus.com.tr\/V2\/wp-json\/wp\/v2\/users\/1"}],"replies":[{"embeddable":true,"href":"https:\/\/dentplus.com.tr\/V2\/wp-json\/wp\/v2\/comments?post=2337"}],"version-history":[{"count":23,"href":"https:\/\/dentplus.com.tr\/V2\/wp-json\/wp\/v2\/pages\/2337\/revisions"}],"predecessor-version":[{"id":5198,"href":"https:\/\/dentplus.com.tr\/V2\/wp-json\/wp\/v2\/pages\/2337\/revisions\/5198"}],"wp:attachment":[{"href":"https:\/\/dentplus.com.tr\/V2\/wp-json\/wp\/v2\/media?parent=2337"}],"curies":[{"name":"wp","href":"https:\/\/api.w.org\/{rel}","templated":true}]}}